{"id":25790,"date":"2017-12-27T11:55:05","date_gmt":"2017-12-27T09:55:05","guid":{"rendered":"http:\/\/www.sagardoarenlurraldea.eus\/reservar\/sin categorizar\/cidrerie-hernani-iparragirre\/"},"modified":"2017-12-27T11:55:05","modified_gmt":"2017-12-27T09:55:05","slug":"cidrerie-hernani-iparragirre","status":"publish","type":"product","link":"https:\/\/sagardoarenlurraldea.eus\/fr\/product\/hernani-fr\/cidrerie-hernani-iparragirre\/","title":{"rendered":"Cidrerie Iparragirre"},"content":{"rendered":"<h2>Description<\/h2>\n<p>La cidrerie actuelle nous r\u00e9v\u00e8le une histoire inconnue \u00e0 travers ses murs, ses fondations et aussi ses vieux pommiers. C\u2019est la troisi\u00e8me g\u00e9n\u00e9ration qui se consacre \u00e0 la production de cidre.<\/p>\n<h2>D\u00e9jeuner et d\u00eener<\/h2>\n<p><strong>En saison<\/strong> (janvier &#8211; avril) : Service d\u00eener de mercredi \u00e0 samedi. Service d\u00e9jeuner le week-end (possibilit\u00e9 de service d\u00e9jeuner pour groupes pendant la semaine sous commande). Dimanche soir, lundi et mardi ferm\u00e9e.<\/p>\n<p><strong>Hors saison<\/strong> (\u00e0 partir de mai) : Ferm\u00e9e.<\/p>\n<p>Capacit\u00e9 : 200 personnes.<\/p>\n<h2>Informations suppl\u00e9mentaires<\/h2>\n<p>Responsable : Arantza Eguzkiza<\/p>\n<p>Adresse : Osinaga Bailara, 10. Hernani.<br \/>\nT\u00e9l. : +34 943550328<br \/>\nE-mail : <a href=\"mailto:info@iparragirre.com\">info@iparragirre.com<\/a><br \/>\nWeb : <a href=\"http:\/\/www.iparragirre.com\">http:\/\/www.iparragirre.com<\/a><\/p>\n","protected":false},"excerpt":{"rendered":"<p>Cidrerie ouverte de la fin janvier jusqu\u2019\u00e0 la deuxi\u00e8me semaine apr\u00e8s la Semaine Sainte. Un style moderne combin\u00e9 \u00e0 des installations au go\u00fbt traditionnel de cidre.<\/p>\n","protected":false},"featured_media":8108,"comment_status":"open","ping_status":"closed","template":"","meta":{"_acf_changed":false,"_et_pb_use_builder":"","_et_pb_old_content":"","_et_gb_content_width":""},"product_brand":[],"product_cat":[2691,2709],"product_tag":[2631,2623,2630,2633,2627,2615,2641,2619,2640,2618,2624],"class_list":{"0":"post-25790","1":"product","2":"type-product","3":"status-publish","4":"has-post-thumbnail","6":"product_cat-hernani-fr","7":"product_cat-cidreries-fr","8":"product_tag-acces-en-bus-de-ligne","9":"product_tag-acces-en-bus","10":"product_tag-acces-en-voiture","11":"product_tag-acces-en-minibus","12":"product_tag-acces-handicapes","13":"product_tag-groupe-de-moins-de-25","14":"product_tag-menu-traditionnel","15":"product_tag-parking-fr","16":"product_tag-cidre-en-txotx","17":"product_tag-services-diner","18":"product_tag-services-dejeuner","19":"pa_acceso-bus-de-ligne","20":"pa_caracteristicas-y-menus-cidre-en-txotx","21":"dtwm_map-iparragirre-fr","23":"first","24":"instock","25":"virtual","26":"product-type-simple"},"exclude_global_add_ons":[],"addons":[],"acf":[],"yoast_head":"<!-- This site is optimized with the Yoast SEO plugin v25.4 - https:\/\/yoast.com\/wordpress\/plugins\/seo\/ -->\n<title>Cidrerie Iparragirre - Sagardoaren Lurraldea<\/title>\n<meta name=\"robots\" content=\"index, follow, max-snippet:-1, max-image-preview:large, max-video-preview:-1\" \/>\n<link rel=\"canonical\" href=\"https:\/\/sagardoarenlurraldea.eus\/fr\/product\/hernani-fr\/cidrerie-hernani-iparragirre\/\" \/>\n<meta property=\"og:locale\" content=\"fr_FR\" \/>\n<meta property=\"og:type\" content=\"article\" \/>\n<meta property=\"og:title\" content=\"Cidrerie Iparragirre - Sagardoaren Lurraldea\" \/>\n<meta property=\"og:description\" content=\"Cidrerie ouverte de la fin janvier jusqu\u2019\u00e0 la deuxi\u00e8me semaine apr\u00e8s la Semaine Sainte. Un style moderne combin\u00e9 \u00e0 des installations au go\u00fbt traditionnel de cidre.\" \/>\n<meta property=\"og:url\" content=\"https:\/\/sagardoarenlurraldea.eus\/fr\/product\/hernani-fr\/cidrerie-hernani-iparragirre\/\" \/>\n<meta property=\"og:site_name\" content=\"Sagardoaren Lurraldea\" \/>\n<meta property=\"article:publisher\" content=\"https:\/\/www.facebook.com\/sagardoarenlurraldea\" \/>\n<meta property=\"og:image\" content=\"https:\/\/sagardoarenlurraldea.eus\/wp-content\/uploads\/2016\/10\/SIDIPA-F00-1.jpg\" \/>\n\t<meta property=\"og:image:width\" content=\"900\" \/>\n\t<meta property=\"og:image:height\" content=\"600\" \/>\n\t<meta property=\"og:image:type\" content=\"image\/jpeg\" \/>\n<meta name=\"twitter:card\" content=\"summary_large_image\" \/>\n<meta name=\"twitter:label1\" content=\"Dur\u00e9e de lecture estim\u00e9e\" \/>\n\t<meta name=\"twitter:data1\" content=\"1 minute\" \/>\n<script type=\"application\/ld+json\" class=\"yoast-schema-graph\">{\"@context\":\"https:\/\/schema.org\",\"@graph\":[{\"@type\":\"WebPage\",\"@id\":\"https:\/\/sagardoarenlurraldea.eus\/fr\/product\/hernani-fr\/cidrerie-hernani-iparragirre\/\",\"url\":\"https:\/\/sagardoarenlurraldea.eus\/fr\/product\/hernani-fr\/cidrerie-hernani-iparragirre\/\",\"name\":\"Cidrerie Iparragirre - Sagardoaren Lurraldea\",\"isPartOf\":{\"@id\":\"https:\/\/sagardoarenlurraldea.eus\/fr\/#website\"},\"primaryImageOfPage\":{\"@id\":\"https:\/\/sagardoarenlurraldea.eus\/fr\/product\/hernani-fr\/cidrerie-hernani-iparragirre\/#primaryimage\"},\"image\":{\"@id\":\"https:\/\/sagardoarenlurraldea.eus\/fr\/product\/hernani-fr\/cidrerie-hernani-iparragirre\/#primaryimage\"},\"thumbnailUrl\":\"https:\/\/sagardoarenlurraldea.eus\/wp-content\/uploads\/2016\/10\/SIDIPA-F00-1.jpg\",\"datePublished\":\"2017-12-27T09:55:05+00:00\",\"breadcrumb\":{\"@id\":\"https:\/\/sagardoarenlurraldea.eus\/fr\/product\/hernani-fr\/cidrerie-hernani-iparragirre\/#breadcrumb\"},\"inLanguage\":\"fr-FR\",\"potentialAction\":[{\"@type\":\"ReadAction\",\"target\":[\"https:\/\/sagardoarenlurraldea.eus\/fr\/product\/hernani-fr\/cidrerie-hernani-iparragirre\/\"]}]},{\"@type\":\"ImageObject\",\"inLanguage\":\"fr-FR\",\"@id\":\"https:\/\/sagardoarenlurraldea.eus\/fr\/product\/hernani-fr\/cidrerie-hernani-iparragirre\/#primaryimage\",\"url\":\"https:\/\/sagardoarenlurraldea.eus\/wp-content\/uploads\/2016\/10\/SIDIPA-F00-1.jpg\",\"contentUrl\":\"https:\/\/sagardoarenlurraldea.eus\/wp-content\/uploads\/2016\/10\/SIDIPA-F00-1.jpg\",\"width\":900,\"height\":600,\"caption\":\"Zona de toneles de madera de la sidrer\u00eda Iparragirre\"},{\"@type\":\"BreadcrumbList\",\"@id\":\"https:\/\/sagardoarenlurraldea.eus\/fr\/product\/hernani-fr\/cidrerie-hernani-iparragirre\/#breadcrumb\",\"itemListElement\":[{\"@type\":\"ListItem\",\"position\":1,\"name\":\"Inicio\",\"item\":\"https:\/\/sagardoarenlurraldea.eus\/fr\/\"},{\"@type\":\"ListItem\",\"position\":2,\"name\":\"R\u00e9servations\",\"item\":\"https:\/\/sagardoarenlurraldea.eus\/fr\/reservations\/\"},{\"@type\":\"ListItem\",\"position\":3,\"name\":\"Cidrerie Iparragirre\"}]},{\"@type\":\"WebSite\",\"@id\":\"https:\/\/sagardoarenlurraldea.eus\/fr\/#website\",\"url\":\"https:\/\/sagardoarenlurraldea.eus\/fr\/\",\"name\":\"Sagardoaren Lurraldea\",\"description\":\"El territorio de la sidra\",\"potentialAction\":[{\"@type\":\"SearchAction\",\"target\":{\"@type\":\"EntryPoint\",\"urlTemplate\":\"https:\/\/sagardoarenlurraldea.eus\/fr\/?s={search_term_string}\"},\"query-input\":{\"@type\":\"PropertyValueSpecification\",\"valueRequired\":true,\"valueName\":\"search_term_string\"}}],\"inLanguage\":\"fr-FR\"}]}<\/script>\n<!-- \/ Yoast SEO plugin. -->","yoast_head_json":{"title":"Cidrerie Iparragirre - Sagardoaren Lurraldea","robots":{"index":"index","follow":"follow","max-snippet":"max-snippet:-1","max-image-preview":"max-image-preview:large","max-video-preview":"max-video-preview:-1"},"canonical":"https:\/\/sagardoarenlurraldea.eus\/fr\/product\/hernani-fr\/cidrerie-hernani-iparragirre\/","og_locale":"fr_FR","og_type":"article","og_title":"Cidrerie Iparragirre - Sagardoaren Lurraldea","og_description":"Cidrerie ouverte de la fin janvier jusqu\u2019\u00e0 la deuxi\u00e8me semaine apr\u00e8s la Semaine Sainte. Un style moderne combin\u00e9 \u00e0 des installations au go\u00fbt traditionnel de cidre.","og_url":"https:\/\/sagardoarenlurraldea.eus\/fr\/product\/hernani-fr\/cidrerie-hernani-iparragirre\/","og_site_name":"Sagardoaren Lurraldea","article_publisher":"https:\/\/www.facebook.com\/sagardoarenlurraldea","og_image":[{"width":900,"height":600,"url":"https:\/\/sagardoarenlurraldea.eus\/wp-content\/uploads\/2016\/10\/SIDIPA-F00-1.jpg","type":"image\/jpeg"}],"twitter_card":"summary_large_image","twitter_misc":{"Dur\u00e9e de lecture estim\u00e9e":"1 minute"},"schema":{"@context":"https:\/\/schema.org","@graph":[{"@type":"WebPage","@id":"https:\/\/sagardoarenlurraldea.eus\/fr\/product\/hernani-fr\/cidrerie-hernani-iparragirre\/","url":"https:\/\/sagardoarenlurraldea.eus\/fr\/product\/hernani-fr\/cidrerie-hernani-iparragirre\/","name":"Cidrerie Iparragirre - Sagardoaren Lurraldea","isPartOf":{"@id":"https:\/\/sagardoarenlurraldea.eus\/fr\/#website"},"primaryImageOfPage":{"@id":"https:\/\/sagardoarenlurraldea.eus\/fr\/product\/hernani-fr\/cidrerie-hernani-iparragirre\/#primaryimage"},"image":{"@id":"https:\/\/sagardoarenlurraldea.eus\/fr\/product\/hernani-fr\/cidrerie-hernani-iparragirre\/#primaryimage"},"thumbnailUrl":"https:\/\/sagardoarenlurraldea.eus\/wp-content\/uploads\/2016\/10\/SIDIPA-F00-1.jpg","datePublished":"2017-12-27T09:55:05+00:00","breadcrumb":{"@id":"https:\/\/sagardoarenlurraldea.eus\/fr\/product\/hernani-fr\/cidrerie-hernani-iparragirre\/#breadcrumb"},"inLanguage":"fr-FR","potentialAction":[{"@type":"ReadAction","target":["https:\/\/sagardoarenlurraldea.eus\/fr\/product\/hernani-fr\/cidrerie-hernani-iparragirre\/"]}]},{"@type":"ImageObject","inLanguage":"fr-FR","@id":"https:\/\/sagardoarenlurraldea.eus\/fr\/product\/hernani-fr\/cidrerie-hernani-iparragirre\/#primaryimage","url":"https:\/\/sagardoarenlurraldea.eus\/wp-content\/uploads\/2016\/10\/SIDIPA-F00-1.jpg","contentUrl":"https:\/\/sagardoarenlurraldea.eus\/wp-content\/uploads\/2016\/10\/SIDIPA-F00-1.jpg","width":900,"height":600,"caption":"Zona de toneles de madera de la sidrer\u00eda Iparragirre"},{"@type":"BreadcrumbList","@id":"https:\/\/sagardoarenlurraldea.eus\/fr\/product\/hernani-fr\/cidrerie-hernani-iparragirre\/#breadcrumb","itemListElement":[{"@type":"ListItem","position":1,"name":"Inicio","item":"https:\/\/sagardoarenlurraldea.eus\/fr\/"},{"@type":"ListItem","position":2,"name":"R\u00e9servations","item":"https:\/\/sagardoarenlurraldea.eus\/fr\/reservations\/"},{"@type":"ListItem","position":3,"name":"Cidrerie Iparragirre"}]},{"@type":"WebSite","@id":"https:\/\/sagardoarenlurraldea.eus\/fr\/#website","url":"https:\/\/sagardoarenlurraldea.eus\/fr\/","name":"Sagardoaren Lurraldea","description":"El territorio de la sidra","potentialAction":[{"@type":"SearchAction","target":{"@type":"EntryPoint","urlTemplate":"https:\/\/sagardoarenlurraldea.eus\/fr\/?s={search_term_string}"},"query-input":{"@type":"PropertyValueSpecification","valueRequired":true,"valueName":"search_term_string"}}],"inLanguage":"fr-FR"}]}},"_links":{"self":[{"href":"https:\/\/sagardoarenlurraldea.eus\/fr\/wp-json\/wp\/v2\/product\/25790","targetHints":{"allow":["GET"]}}],"collection":[{"href":"https:\/\/sagardoarenlurraldea.eus\/fr\/wp-json\/wp\/v2\/product"}],"about":[{"href":"https:\/\/sagardoarenlurraldea.eus\/fr\/wp-json\/wp\/v2\/types\/product"}],"replies":[{"embeddable":true,"href":"https:\/\/sagardoarenlurraldea.eus\/fr\/wp-json\/wp\/v2\/comments?post=25790"}],"wp:featuredmedia":[{"embeddable":true,"href":"https:\/\/sagardoarenlurraldea.eus\/fr\/wp-json\/wp\/v2\/media\/8108"}],"wp:attachment":[{"href":"https:\/\/sagardoarenlurraldea.eus\/fr\/wp-json\/wp\/v2\/media?parent=25790"}],"wp:term":[{"taxonomy":"product_brand","embeddable":true,"href":"https:\/\/sagardoarenlurraldea.eus\/fr\/wp-json\/wp\/v2\/product_brand?post=25790"},{"taxonomy":"product_cat","embeddable":true,"href":"https:\/\/sagardoarenlurraldea.eus\/fr\/wp-json\/wp\/v2\/product_cat?post=25790"},{"taxonomy":"product_tag","embeddable":true,"href":"https:\/\/sagardoarenlurraldea.eus\/fr\/wp-json\/wp\/v2\/product_tag?post=25790"}],"curies":[{"name":"wp","href":"https:\/\/api.w.org\/{rel}","templated":true}]}}

<h2>Description</h2>
<p>La cidrerie actuelle nous révèle une histoire inconnue à travers ses murs, ses fondations et aussi ses vieux pommiers. C’est la troisième génération qui se consacre à la production de cidre.</p>
<h2>Déjeuner et dîner</h2>
<p><strong>En saison</strong> (janvier &#8211; avril) : Service dîner de mercredi à samedi. Service déjeuner le week-end (possibilité de service déjeuner pour groupes pendant la semaine sous commande). Dimanche soir, lundi et mardi fermée.</p>
<p><strong>Hors saison</strong> (à partir de mai) : Fermée.</p>
<p>Capacité : 200 personnes.</p>
<h2>Informations supplémentaires</h2>
<p>Responsable : Arantza Eguzkiza</p>
<p>Adresse : Osinaga Bailara, 10. Hernani.<br />
Tél. : +34 943550328<br />
E-mail : <a href="mailto:info@iparragirre.com">info@iparragirre.com</a><br />
Web : <a href="http://www.iparragirre.com">http://www.iparragirre.com</a></p>

<p>Cidrerie ouverte de la fin janvier jusqu’à la deuxième semaine après la Semaine Sainte. Un style moderne combiné à des installations au goût traditionnel de cidre.</p>

<!-- This site is optimized with the Yoast SEO plugin v25.4 - https://yoast.com/wordpress/plugins/seo/ -->
<title>Cidrerie Iparragirre - Sagardoaren Lurraldea</title>
<meta name="robots" content="index, follow, max-snippet:-1, max-image-preview:large, max-video-preview:-1" />
<link rel="canonical" href="https://sagardoarenlurraldea.eus/fr/product/hernani-fr/cidrerie-hernani-iparragirre/" />
<meta property="og:locale" content="fr_FR" />
<meta property="og:type" content="article" />
<meta property="og:title" content="Cidrerie Iparragirre - Sagardoaren Lurraldea" />
<meta property="og:description" content="Cidrerie ouverte de la fin janvier jusqu’à la deuxième semaine après la Semaine Sainte. Un style moderne combiné à des installations au goût traditionnel de cidre." />
<meta property="og:url" content="https://sagardoarenlurraldea.eus/fr/product/hernani-fr/cidrerie-hernani-iparragirre/" />
<meta property="og:site_name" content="Sagardoaren Lurraldea" />
<meta property="article:publisher" content="https://www.facebook.com/sagardoarenlurraldea" />
<meta property="og:image" content="https://sagardoarenlurraldea.eus/wp-content/uploads/2016/10/SIDIPA-F00-1.jpg" />
	<meta property="og:image:width" content="900" />
	<meta property="og:image:height" content="600" />
	<meta property="og:image:type" content="image/jpeg" />
<meta name="twitter:card" content="summary_large_image" />
<meta name="twitter:label1" content="Durée de lecture estimée" />
	<meta name="twitter:data1" content="1 minute" />
<script type="application/ld+json" class="yoast-schema-graph">{"@context":"https://schema.org","@graph":[{"@type":"WebPage","@id":"https://sagardoarenlurraldea.eus/fr/product/hernani-fr/cidrerie-hernani-iparragirre/","url":"https://sagardoarenlurraldea.eus/fr/product/hernani-fr/cidrerie-hernani-iparragirre/","name":"Cidrerie Iparragirre - Sagardoaren Lurraldea","isPartOf":{"@id":"https://sagardoarenlurraldea.eus/fr/#website"},"primaryImageOfPage":{"@id":"https://sagardoarenlurraldea.eus/fr/product/hernani-fr/cidrerie-hernani-iparragirre/#primaryimage"},"image":{"@id":"https://sagardoarenlurraldea.eus/fr/product/hernani-fr/cidrerie-hernani-iparragirre/#primaryimage"},"thumbnailUrl":"https://sagardoarenlurraldea.eus/wp-content/uploads/2016/10/SIDIPA-F00-1.jpg","datePublished":"2017-12-27T09:55:05+00:00","breadcrumb":{"@id":"https://sagardoarenlurraldea.eus/fr/product/hernani-fr/cidrerie-hernani-iparragirre/#breadcrumb"},"inLanguage":"fr-FR","potentialAction":[{"@type":"ReadAction","target":["https://sagardoarenlurraldea.eus/fr/product/hernani-fr/cidrerie-hernani-iparragirre/"]}]},{"@type":"ImageObject","inLanguage":"fr-FR","@id":"https://sagardoarenlurraldea.eus/fr/product/hernani-fr/cidrerie-hernani-iparragirre/#primaryimage","url":"https://sagardoarenlurraldea.eus/wp-content/uploads/2016/10/SIDIPA-F00-1.jpg","contentUrl":"https://sagardoarenlurraldea.eus/wp-content/uploads/2016/10/SIDIPA-F00-1.jpg","width":900,"height":600,"caption":"Zona de toneles de madera de la sidrería Iparragirre"},{"@type":"BreadcrumbList","@id":"https://sagardoarenlurraldea.eus/fr/product/hernani-fr/cidrerie-hernani-iparragirre/#breadcrumb","itemListElement":[{"@type":"ListItem","position":1,"name":"Inicio","item":"https://sagardoarenlurraldea.eus/fr/"},{"@type":"ListItem","position":2,"name":"Réservations","item":"https://sagardoarenlurraldea.eus/fr/reservations/"},{"@type":"ListItem","position":3,"name":"Cidrerie Iparragirre"}]},{"@type":"WebSite","@id":"https://sagardoarenlurraldea.eus/fr/#website","url":"https://sagardoarenlurraldea.eus/fr/","name":"Sagardoaren Lurraldea","description":"El territorio de la sidra","potentialAction":[{"@type":"SearchAction","target":{"@type":"EntryPoint","urlTemplate":"https://sagardoarenlurraldea.eus/fr/?s={search_term_string}"},"query-input":{"@type":"PropertyValueSpecification","valueRequired":true,"valueName":"search_term_string"}}],"inLanguage":"fr-FR"}]}</script>
<!-- / Yoast SEO plugin. -->

Cidrerie ouverte de la fin janvier jusqu’à la deuxième semaine après la Semaine Sainte. Un style moderne combiné à des installations au goût traditionnel de cidre.

Zona de toneles de madera de la sidrería Iparragirre

Réservations
