{"id":25774,"date":"2017-12-29T13:53:39","date_gmt":"2017-12-29T11:53:39","guid":{"rendered":"http:\/\/www.sagardoarenlurraldea.eus\/reservar\/sin categorizar\/cidrerie-olaberria-etxe-zuri\/"},"modified":"2017-12-29T13:53:39","modified_gmt":"2017-12-29T11:53:39","slug":"cidrerie-olaberria-etxe-zuri","status":"publish","type":"product","link":"https:\/\/sagardoarenlurraldea.eus\/fr\/product\/olaberria-fr\/cidrerie-olaberria-etxe-zuri\/","title":{"rendered":"Cidrerie Etxe-zuri"},"content":{"rendered":"<h2>Description<\/h2>\n<p>Les anc\u00eatres d\u2019Etxe-Zuri avaient pour m\u00e9tier l\u2019agriculture et l\u2019\u00e9levage. La cueillette des pommes se faisait en famille, ils faisaient du cidre pour toute l\u2019ann\u00e9e et tous les gens du quartier venaient aussi pour y faire leur cidre.<\/p>\n<h2>D\u00e9jeuner et d\u00eener<\/h2>\n<p><strong>En saison<\/strong> (janvier &#8211; avril) : Service d\u00e9jeuner et d\u00eener de mardi \u00e0 samedi. Dimanche seulement service d\u00e9jeuner.<\/p>\n<p><strong>Hors saison<\/strong> (\u00e0 partir de mai) : Service d\u00e9jeuner et d\u00eener de mardi \u00e0 samedi. Dimanche seulement service d\u00e9jeuner.<\/p>\n<p>Capacit\u00e9 : 110 personnes.<\/p>\n<h2>Informations suppl\u00e9mentaires<\/h2>\n<p>Responsable : Felix Garmendia<\/p>\n<p>Adresse : Etxe-zuri Baserria. Errekalde auzoa, 11. Olaberria.<br \/>\nT\u00e9l. : +34 943882049<br \/>\nE-mail : <a href=\"mailto:etxezuri@etxezurisagardotegia.com\">etxezuri@etxezurisagardotegia.com<\/a><br \/>\nWeb : <a href=\"http:\/\/www.etxezurisagardotegia.net\">http:\/\/www.etxezurisagardotegia.net<\/a><\/p>\n","protected":false},"excerpt":{"rendered":"<p>Menu de cidrerie et restaurant, ouvert toute l&rsquo;ann\u00e9e.<\/p>\n","protected":false},"featured_media":8035,"comment_status":"open","ping_status":"closed","template":"","meta":{"_acf_changed":false,"_et_pb_use_builder":"","_et_pb_old_content":"","_et_gb_content_width":""},"product_brand":[],"product_cat":[2707,2709],"product_tag":[2623,2630,2633,2639,2636,2641,2619,2646,2640,2618,2624],"class_list":{"0":"post-25774","1":"product","2":"type-product","3":"status-publish","4":"has-post-thumbnail","6":"product_cat-olaberria-fr","7":"product_cat-cidreries-fr","8":"product_tag-acces-en-bus","9":"product_tag-acces-en-voiture","10":"product_tag-acces-en-minibus","11":"product_tag-cidre-en-bouteille","12":"product_tag-manger-a-table","13":"product_tag-menu-traditionnel","14":"product_tag-parking-fr","15":"product_tag-repas-et-diners-a-lannee","16":"product_tag-cidre-en-txotx","17":"product_tag-services-diner","18":"product_tag-services-dejeuner","19":"pa_caracteristicas-y-menus-repas-diners-toujours-ouvert","20":"pa_caracteristicas-y-menus-cidre-en-txotx","21":"dtwm_map-etxezuri-fr","23":"first","24":"instock","25":"virtual","26":"product-type-simple"},"exclude_global_add_ons":[],"addons":[],"acf":[],"yoast_head":"<!-- This site is optimized with the Yoast SEO plugin v25.4 - https:\/\/yoast.com\/wordpress\/plugins\/seo\/ -->\n<title>Cidrerie Etxe-zuri - Sagardoaren Lurraldea<\/title>\n<meta name=\"robots\" content=\"index, follow, max-snippet:-1, max-image-preview:large, max-video-preview:-1\" \/>\n<link rel=\"canonical\" href=\"https:\/\/sagardoarenlurraldea.eus\/fr\/product\/olaberria-fr\/cidrerie-olaberria-etxe-zuri\/\" \/>\n<meta property=\"og:locale\" content=\"fr_FR\" \/>\n<meta property=\"og:type\" content=\"article\" \/>\n<meta property=\"og:title\" content=\"Cidrerie Etxe-zuri - Sagardoaren Lurraldea\" \/>\n<meta property=\"og:description\" content=\"Menu de cidrerie et restaurant, ouvert toute l&#039;ann\u00e9e.\" \/>\n<meta property=\"og:url\" content=\"https:\/\/sagardoarenlurraldea.eus\/fr\/product\/olaberria-fr\/cidrerie-olaberria-etxe-zuri\/\" \/>\n<meta property=\"og:site_name\" content=\"Sagardoaren Lurraldea\" \/>\n<meta property=\"article:publisher\" content=\"https:\/\/www.facebook.com\/sagardoarenlurraldea\" \/>\n<meta property=\"og:image\" content=\"https:\/\/sagardoarenlurraldea.eus\/wp-content\/uploads\/2016\/08\/SIDETXEZU-F00.jpg\" \/>\n\t<meta property=\"og:image:width\" content=\"900\" \/>\n\t<meta property=\"og:image:height\" content=\"600\" \/>\n\t<meta property=\"og:image:type\" content=\"image\/jpeg\" \/>\n<meta name=\"twitter:card\" content=\"summary_large_image\" \/>\n<meta name=\"twitter:label1\" content=\"Dur\u00e9e de lecture estim\u00e9e\" \/>\n\t<meta name=\"twitter:data1\" content=\"1 minute\" \/>\n<script type=\"application\/ld+json\" class=\"yoast-schema-graph\">{\"@context\":\"https:\/\/schema.org\",\"@graph\":[{\"@type\":\"WebPage\",\"@id\":\"https:\/\/sagardoarenlurraldea.eus\/fr\/product\/olaberria-fr\/cidrerie-olaberria-etxe-zuri\/\",\"url\":\"https:\/\/sagardoarenlurraldea.eus\/fr\/product\/olaberria-fr\/cidrerie-olaberria-etxe-zuri\/\",\"name\":\"Cidrerie Etxe-zuri - Sagardoaren Lurraldea\",\"isPartOf\":{\"@id\":\"https:\/\/sagardoarenlurraldea.eus\/fr\/#website\"},\"primaryImageOfPage\":{\"@id\":\"https:\/\/sagardoarenlurraldea.eus\/fr\/product\/olaberria-fr\/cidrerie-olaberria-etxe-zuri\/#primaryimage\"},\"image\":{\"@id\":\"https:\/\/sagardoarenlurraldea.eus\/fr\/product\/olaberria-fr\/cidrerie-olaberria-etxe-zuri\/#primaryimage\"},\"thumbnailUrl\":\"https:\/\/sagardoarenlurraldea.eus\/wp-content\/uploads\/2016\/08\/SIDETXEZU-F00.jpg\",\"datePublished\":\"2017-12-29T11:53:39+00:00\",\"breadcrumb\":{\"@id\":\"https:\/\/sagardoarenlurraldea.eus\/fr\/product\/olaberria-fr\/cidrerie-olaberria-etxe-zuri\/#breadcrumb\"},\"inLanguage\":\"fr-FR\",\"potentialAction\":[{\"@type\":\"ReadAction\",\"target\":[\"https:\/\/sagardoarenlurraldea.eus\/fr\/product\/olaberria-fr\/cidrerie-olaberria-etxe-zuri\/\"]}]},{\"@type\":\"ImageObject\",\"inLanguage\":\"fr-FR\",\"@id\":\"https:\/\/sagardoarenlurraldea.eus\/fr\/product\/olaberria-fr\/cidrerie-olaberria-etxe-zuri\/#primaryimage\",\"url\":\"https:\/\/sagardoarenlurraldea.eus\/wp-content\/uploads\/2016\/08\/SIDETXEZU-F00.jpg\",\"contentUrl\":\"https:\/\/sagardoarenlurraldea.eus\/wp-content\/uploads\/2016\/08\/SIDETXEZU-F00.jpg\",\"width\":900,\"height\":600,\"caption\":\"Fachada principal de la sidrer\u00eda Etxe-zuri\"},{\"@type\":\"BreadcrumbList\",\"@id\":\"https:\/\/sagardoarenlurraldea.eus\/fr\/product\/olaberria-fr\/cidrerie-olaberria-etxe-zuri\/#breadcrumb\",\"itemListElement\":[{\"@type\":\"ListItem\",\"position\":1,\"name\":\"Inicio\",\"item\":\"https:\/\/sagardoarenlurraldea.eus\/fr\/\"},{\"@type\":\"ListItem\",\"position\":2,\"name\":\"R\u00e9servations\",\"item\":\"https:\/\/sagardoarenlurraldea.eus\/fr\/reservations\/\"},{\"@type\":\"ListItem\",\"position\":3,\"name\":\"Cidrerie Etxe-zuri\"}]},{\"@type\":\"WebSite\",\"@id\":\"https:\/\/sagardoarenlurraldea.eus\/fr\/#website\",\"url\":\"https:\/\/sagardoarenlurraldea.eus\/fr\/\",\"name\":\"Sagardoaren Lurraldea\",\"description\":\"El territorio de la sidra\",\"potentialAction\":[{\"@type\":\"SearchAction\",\"target\":{\"@type\":\"EntryPoint\",\"urlTemplate\":\"https:\/\/sagardoarenlurraldea.eus\/fr\/?s={search_term_string}\"},\"query-input\":{\"@type\":\"PropertyValueSpecification\",\"valueRequired\":true,\"valueName\":\"search_term_string\"}}],\"inLanguage\":\"fr-FR\"}]}<\/script>\n<!-- \/ Yoast SEO plugin. -->","yoast_head_json":{"title":"Cidrerie Etxe-zuri - Sagardoaren Lurraldea","robots":{"index":"index","follow":"follow","max-snippet":"max-snippet:-1","max-image-preview":"max-image-preview:large","max-video-preview":"max-video-preview:-1"},"canonical":"https:\/\/sagardoarenlurraldea.eus\/fr\/product\/olaberria-fr\/cidrerie-olaberria-etxe-zuri\/","og_locale":"fr_FR","og_type":"article","og_title":"Cidrerie Etxe-zuri - Sagardoaren Lurraldea","og_description":"Menu de cidrerie et restaurant, ouvert toute l'ann\u00e9e.","og_url":"https:\/\/sagardoarenlurraldea.eus\/fr\/product\/olaberria-fr\/cidrerie-olaberria-etxe-zuri\/","og_site_name":"Sagardoaren Lurraldea","article_publisher":"https:\/\/www.facebook.com\/sagardoarenlurraldea","og_image":[{"width":900,"height":600,"url":"https:\/\/sagardoarenlurraldea.eus\/wp-content\/uploads\/2016\/08\/SIDETXEZU-F00.jpg","type":"image\/jpeg"}],"twitter_card":"summary_large_image","twitter_misc":{"Dur\u00e9e de lecture estim\u00e9e":"1 minute"},"schema":{"@context":"https:\/\/schema.org","@graph":[{"@type":"WebPage","@id":"https:\/\/sagardoarenlurraldea.eus\/fr\/product\/olaberria-fr\/cidrerie-olaberria-etxe-zuri\/","url":"https:\/\/sagardoarenlurraldea.eus\/fr\/product\/olaberria-fr\/cidrerie-olaberria-etxe-zuri\/","name":"Cidrerie Etxe-zuri - Sagardoaren Lurraldea","isPartOf":{"@id":"https:\/\/sagardoarenlurraldea.eus\/fr\/#website"},"primaryImageOfPage":{"@id":"https:\/\/sagardoarenlurraldea.eus\/fr\/product\/olaberria-fr\/cidrerie-olaberria-etxe-zuri\/#primaryimage"},"image":{"@id":"https:\/\/sagardoarenlurraldea.eus\/fr\/product\/olaberria-fr\/cidrerie-olaberria-etxe-zuri\/#primaryimage"},"thumbnailUrl":"https:\/\/sagardoarenlurraldea.eus\/wp-content\/uploads\/2016\/08\/SIDETXEZU-F00.jpg","datePublished":"2017-12-29T11:53:39+00:00","breadcrumb":{"@id":"https:\/\/sagardoarenlurraldea.eus\/fr\/product\/olaberria-fr\/cidrerie-olaberria-etxe-zuri\/#breadcrumb"},"inLanguage":"fr-FR","potentialAction":[{"@type":"ReadAction","target":["https:\/\/sagardoarenlurraldea.eus\/fr\/product\/olaberria-fr\/cidrerie-olaberria-etxe-zuri\/"]}]},{"@type":"ImageObject","inLanguage":"fr-FR","@id":"https:\/\/sagardoarenlurraldea.eus\/fr\/product\/olaberria-fr\/cidrerie-olaberria-etxe-zuri\/#primaryimage","url":"https:\/\/sagardoarenlurraldea.eus\/wp-content\/uploads\/2016\/08\/SIDETXEZU-F00.jpg","contentUrl":"https:\/\/sagardoarenlurraldea.eus\/wp-content\/uploads\/2016\/08\/SIDETXEZU-F00.jpg","width":900,"height":600,"caption":"Fachada principal de la sidrer\u00eda Etxe-zuri"},{"@type":"BreadcrumbList","@id":"https:\/\/sagardoarenlurraldea.eus\/fr\/product\/olaberria-fr\/cidrerie-olaberria-etxe-zuri\/#breadcrumb","itemListElement":[{"@type":"ListItem","position":1,"name":"Inicio","item":"https:\/\/sagardoarenlurraldea.eus\/fr\/"},{"@type":"ListItem","position":2,"name":"R\u00e9servations","item":"https:\/\/sagardoarenlurraldea.eus\/fr\/reservations\/"},{"@type":"ListItem","position":3,"name":"Cidrerie Etxe-zuri"}]},{"@type":"WebSite","@id":"https:\/\/sagardoarenlurraldea.eus\/fr\/#website","url":"https:\/\/sagardoarenlurraldea.eus\/fr\/","name":"Sagardoaren Lurraldea","description":"El territorio de la sidra","potentialAction":[{"@type":"SearchAction","target":{"@type":"EntryPoint","urlTemplate":"https:\/\/sagardoarenlurraldea.eus\/fr\/?s={search_term_string}"},"query-input":{"@type":"PropertyValueSpecification","valueRequired":true,"valueName":"search_term_string"}}],"inLanguage":"fr-FR"}]}},"_links":{"self":[{"href":"https:\/\/sagardoarenlurraldea.eus\/fr\/wp-json\/wp\/v2\/product\/25774","targetHints":{"allow":["GET"]}}],"collection":[{"href":"https:\/\/sagardoarenlurraldea.eus\/fr\/wp-json\/wp\/v2\/product"}],"about":[{"href":"https:\/\/sagardoarenlurraldea.eus\/fr\/wp-json\/wp\/v2\/types\/product"}],"replies":[{"embeddable":true,"href":"https:\/\/sagardoarenlurraldea.eus\/fr\/wp-json\/wp\/v2\/comments?post=25774"}],"wp:featuredmedia":[{"embeddable":true,"href":"https:\/\/sagardoarenlurraldea.eus\/fr\/wp-json\/wp\/v2\/media\/8035"}],"wp:attachment":[{"href":"https:\/\/sagardoarenlurraldea.eus\/fr\/wp-json\/wp\/v2\/media?parent=25774"}],"wp:term":[{"taxonomy":"product_brand","embeddable":true,"href":"https:\/\/sagardoarenlurraldea.eus\/fr\/wp-json\/wp\/v2\/product_brand?post=25774"},{"taxonomy":"product_cat","embeddable":true,"href":"https:\/\/sagardoarenlurraldea.eus\/fr\/wp-json\/wp\/v2\/product_cat?post=25774"},{"taxonomy":"product_tag","embeddable":true,"href":"https:\/\/sagardoarenlurraldea.eus\/fr\/wp-json\/wp\/v2\/product_tag?post=25774"}],"curies":[{"name":"wp","href":"https:\/\/api.w.org\/{rel}","templated":true}]}}

<h2>Description</h2>
<p>Les ancêtres d’Etxe-Zuri avaient pour métier l’agriculture et l’élevage. La cueillette des pommes se faisait en famille, ils faisaient du cidre pour toute l’année et tous les gens du quartier venaient aussi pour y faire leur cidre.</p>
<h2>Déjeuner et dîner</h2>
<p><strong>En saison</strong> (janvier &#8211; avril) : Service déjeuner et dîner de mardi à samedi. Dimanche seulement service déjeuner.</p>
<p><strong>Hors saison</strong> (à partir de mai) : Service déjeuner et dîner de mardi à samedi. Dimanche seulement service déjeuner.</p>
<p>Capacité : 110 personnes.</p>
<h2>Informations supplémentaires</h2>
<p>Responsable : Felix Garmendia</p>
<p>Adresse : Etxe-zuri Baserria. Errekalde auzoa, 11. Olaberria.<br />
Tél. : +34 943882049<br />
E-mail : <a href="mailto:etxezuri@etxezurisagardotegia.com">etxezuri@etxezurisagardotegia.com</a><br />
Web : <a href="http://www.etxezurisagardotegia.net">http://www.etxezurisagardotegia.net</a></p>

<p>Menu de cidrerie et restaurant, ouvert toute l&rsquo;année.</p>

<!-- This site is optimized with the Yoast SEO plugin v25.4 - https://yoast.com/wordpress/plugins/seo/ -->
<title>Cidrerie Etxe-zuri - Sagardoaren Lurraldea</title>
<meta name="robots" content="index, follow, max-snippet:-1, max-image-preview:large, max-video-preview:-1" />
<link rel="canonical" href="https://sagardoarenlurraldea.eus/fr/product/olaberria-fr/cidrerie-olaberria-etxe-zuri/" />
<meta property="og:locale" content="fr_FR" />
<meta property="og:type" content="article" />
<meta property="og:title" content="Cidrerie Etxe-zuri - Sagardoaren Lurraldea" />
<meta property="og:description" content="Menu de cidrerie et restaurant, ouvert toute l&#039;année." />
<meta property="og:url" content="https://sagardoarenlurraldea.eus/fr/product/olaberria-fr/cidrerie-olaberria-etxe-zuri/" />
<meta property="og:site_name" content="Sagardoaren Lurraldea" />
<meta property="article:publisher" content="https://www.facebook.com/sagardoarenlurraldea" />
<meta property="og:image" content="https://sagardoarenlurraldea.eus/wp-content/uploads/2016/08/SIDETXEZU-F00.jpg" />
	<meta property="og:image:width" content="900" />
	<meta property="og:image:height" content="600" />
	<meta property="og:image:type" content="image/jpeg" />
<meta name="twitter:card" content="summary_large_image" />
<meta name="twitter:label1" content="Durée de lecture estimée" />
	<meta name="twitter:data1" content="1 minute" />
<script type="application/ld+json" class="yoast-schema-graph">{"@context":"https://schema.org","@graph":[{"@type":"WebPage","@id":"https://sagardoarenlurraldea.eus/fr/product/olaberria-fr/cidrerie-olaberria-etxe-zuri/","url":"https://sagardoarenlurraldea.eus/fr/product/olaberria-fr/cidrerie-olaberria-etxe-zuri/","name":"Cidrerie Etxe-zuri - Sagardoaren Lurraldea","isPartOf":{"@id":"https://sagardoarenlurraldea.eus/fr/#website"},"primaryImageOfPage":{"@id":"https://sagardoarenlurraldea.eus/fr/product/olaberria-fr/cidrerie-olaberria-etxe-zuri/#primaryimage"},"image":{"@id":"https://sagardoarenlurraldea.eus/fr/product/olaberria-fr/cidrerie-olaberria-etxe-zuri/#primaryimage"},"thumbnailUrl":"https://sagardoarenlurraldea.eus/wp-content/uploads/2016/08/SIDETXEZU-F00.jpg","datePublished":"2017-12-29T11:53:39+00:00","breadcrumb":{"@id":"https://sagardoarenlurraldea.eus/fr/product/olaberria-fr/cidrerie-olaberria-etxe-zuri/#breadcrumb"},"inLanguage":"fr-FR","potentialAction":[{"@type":"ReadAction","target":["https://sagardoarenlurraldea.eus/fr/product/olaberria-fr/cidrerie-olaberria-etxe-zuri/"]}]},{"@type":"ImageObject","inLanguage":"fr-FR","@id":"https://sagardoarenlurraldea.eus/fr/product/olaberria-fr/cidrerie-olaberria-etxe-zuri/#primaryimage","url":"https://sagardoarenlurraldea.eus/wp-content/uploads/2016/08/SIDETXEZU-F00.jpg","contentUrl":"https://sagardoarenlurraldea.eus/wp-content/uploads/2016/08/SIDETXEZU-F00.jpg","width":900,"height":600,"caption":"Fachada principal de la sidrería Etxe-zuri"},{"@type":"BreadcrumbList","@id":"https://sagardoarenlurraldea.eus/fr/product/olaberria-fr/cidrerie-olaberria-etxe-zuri/#breadcrumb","itemListElement":[{"@type":"ListItem","position":1,"name":"Inicio","item":"https://sagardoarenlurraldea.eus/fr/"},{"@type":"ListItem","position":2,"name":"Réservations","item":"https://sagardoarenlurraldea.eus/fr/reservations/"},{"@type":"ListItem","position":3,"name":"Cidrerie Etxe-zuri"}]},{"@type":"WebSite","@id":"https://sagardoarenlurraldea.eus/fr/#website","url":"https://sagardoarenlurraldea.eus/fr/","name":"Sagardoaren Lurraldea","description":"El territorio de la sidra","potentialAction":[{"@type":"SearchAction","target":{"@type":"EntryPoint","urlTemplate":"https://sagardoarenlurraldea.eus/fr/?s={search_term_string}"},"query-input":{"@type":"PropertyValueSpecification","valueRequired":true,"valueName":"search_term_string"}}],"inLanguage":"fr-FR"}]}</script>
<!-- / Yoast SEO plugin. -->

Menu de cidrerie et restaurant, ouvert toute l'année.

Fachada principal de la sidrería Etxe-zuri

Réservations
