{"id":25738,"date":"2016-10-17T16:33:05","date_gmt":"2016-10-17T14:33:05","guid":{"rendered":"http:\/\/www.sagardoarenlurraldea.eus\/reservar\/sin%20categorizar\/sidreria-hernani-larre-gain\/"},"modified":"2018-01-11T10:51:55","modified_gmt":"2018-01-11T08:51:55","slug":"cidrerie-hernani-larre-gain","status":"publish","type":"product","link":"https:\/\/sagardoarenlurraldea.eus\/fr\/product\/hernani-fr\/cidrerie-hernani-larre-gain\/","title":{"rendered":"Cidrerie Larre-gain"},"content":{"rendered":"<h2>Description<\/h2>\n<p>La cidrerie Larre-gain conna\u00eet l\u2019activit\u00e9 de cidrerie depuis des temps imm\u00e9moriaux, \u00e0 l\u2019\u00e9poque o\u00f9 elle \u00e9laborait le cidre pour sa consommation propre. Petite cidrerie, qui \u00e9labore pr\u00e8s de 40.000 litres de cidre par an.<\/p>\n<h2>D\u00e9jeuner et d\u00eener<\/h2>\n<p><strong>En saison<\/strong> (janvier &#8211; avril) : Service d\u00eener de mardi \u00e0 samedi. Service d\u00e9jeuner de vendredi \u00e0 dimanche. Dimanche soir et lundi ferm\u00e9e.<\/p>\n<p><strong>Hors saison<\/strong> (\u00e0 partir de mai) : Ferm\u00e9e.<\/p>\n<p>Capacit\u00e9 : 140 personnes.<\/p>\n<h2>Informations suppl\u00e9mentaires<\/h2>\n<p>Responsable : Joxe Lasarte<\/p>\n<p>Adresse : Ere\u00f1otzu auzoa, 58. Hernani.<br \/>\nT\u00e9l. : +34 943555846<br \/>\nFax. : +34 943555846<br \/>\nE-mail : <a href=\"mailto:larre-gain@larre-gain.com\">larre-gain@larre-gain.com<\/a><br \/>\nWeb : <a href=\"http:\/\/www.larre-gain.com\/es\/\">www.larre-gain.com<\/a><\/p>\n","protected":false},"excerpt":{"rendered":"<p>Cidrerie ouverte durant la saison du <em>txotx<\/em> (janvier-avril). Le secret de l\u2019\u00e9laboration de son cidre repose sur la production de ses propres pommes.<\/p>\n","protected":false},"featured_media":8188,"comment_status":"open","ping_status":"closed","template":"","meta":{"_acf_changed":false,"_et_pb_use_builder":"","_et_pb_old_content":"","_et_gb_content_width":""},"product_brand":[],"product_cat":[2691,2709],"product_tag":[2623,2630,2633,2627,2616,2615,2641,2619,2640,2618,2624],"class_list":{"0":"post-25738","1":"product","2":"type-product","3":"status-publish","4":"has-post-thumbnail","6":"product_cat-hernani-fr","7":"product_cat-cidreries-fr","8":"product_tag-acces-en-bus","9":"product_tag-acces-en-voiture","10":"product_tag-acces-en-minibus","11":"product_tag-acces-handicapes","12":"product_tag-groupe-de-plus-de-25","13":"product_tag-groupe-de-moins-de-25","14":"product_tag-menu-traditionnel","15":"product_tag-parking-fr","16":"product_tag-cidre-en-txotx","17":"product_tag-services-diner","18":"product_tag-services-dejeuner","19":"pa_caracteristicas-y-menus-groupe-plus-25","20":"pa_caracteristicas-y-menus-cidre-en-txotx","21":"dtwm_map-larre-gain-fr","23":"first","24":"instock","25":"virtual","26":"product-type-simple"},"exclude_global_add_ons":[],"addons":[],"acf":[],"yoast_head":"<!-- This site is optimized with the Yoast SEO plugin v25.4 - https:\/\/yoast.com\/wordpress\/plugins\/seo\/ -->\n<title>Cidrerie Larre-gain - Sagardoaren Lurraldea<\/title>\n<meta name=\"robots\" content=\"index, follow, max-snippet:-1, max-image-preview:large, max-video-preview:-1\" \/>\n<link rel=\"canonical\" href=\"https:\/\/sagardoarenlurraldea.eus\/fr\/product\/hernani-fr\/cidrerie-hernani-larre-gain\/\" \/>\n<meta property=\"og:locale\" content=\"fr_FR\" \/>\n<meta property=\"og:type\" content=\"article\" \/>\n<meta property=\"og:title\" content=\"Cidrerie Larre-gain - Sagardoaren Lurraldea\" \/>\n<meta property=\"og:description\" content=\"Cidrerie ouverte durant la saison du txotx (janvier-avril). Le secret de l\u2019\u00e9laboration de son cidre repose sur la production de ses propres pommes.\" \/>\n<meta property=\"og:url\" content=\"https:\/\/sagardoarenlurraldea.eus\/fr\/product\/hernani-fr\/cidrerie-hernani-larre-gain\/\" \/>\n<meta property=\"og:site_name\" content=\"Sagardoaren Lurraldea\" \/>\n<meta property=\"article:publisher\" content=\"https:\/\/www.facebook.com\/sagardoarenlurraldea\" \/>\n<meta property=\"article:modified_time\" content=\"2018-01-11T08:51:55+00:00\" \/>\n<meta property=\"og:image\" content=\"https:\/\/sagardoarenlurraldea.eus\/wp-content\/uploads\/2016\/10\/SIDLARRE-F00.jpg\" \/>\n\t<meta property=\"og:image:width\" content=\"900\" \/>\n\t<meta property=\"og:image:height\" content=\"600\" \/>\n\t<meta property=\"og:image:type\" content=\"image\/jpeg\" \/>\n<meta name=\"twitter:card\" content=\"summary_large_image\" \/>\n<script type=\"application\/ld+json\" class=\"yoast-schema-graph\">{\"@context\":\"https:\/\/schema.org\",\"@graph\":[{\"@type\":\"WebPage\",\"@id\":\"https:\/\/sagardoarenlurraldea.eus\/fr\/product\/hernani-fr\/cidrerie-hernani-larre-gain\/\",\"url\":\"https:\/\/sagardoarenlurraldea.eus\/fr\/product\/hernani-fr\/cidrerie-hernani-larre-gain\/\",\"name\":\"Cidrerie Larre-gain - Sagardoaren Lurraldea\",\"isPartOf\":{\"@id\":\"https:\/\/sagardoarenlurraldea.eus\/fr\/#website\"},\"primaryImageOfPage\":{\"@id\":\"https:\/\/sagardoarenlurraldea.eus\/fr\/product\/hernani-fr\/cidrerie-hernani-larre-gain\/#primaryimage\"},\"image\":{\"@id\":\"https:\/\/sagardoarenlurraldea.eus\/fr\/product\/hernani-fr\/cidrerie-hernani-larre-gain\/#primaryimage\"},\"thumbnailUrl\":\"https:\/\/sagardoarenlurraldea.eus\/wp-content\/uploads\/2016\/10\/SIDLARRE-F00.jpg\",\"datePublished\":\"2016-10-17T14:33:05+00:00\",\"dateModified\":\"2018-01-11T08:51:55+00:00\",\"breadcrumb\":{\"@id\":\"https:\/\/sagardoarenlurraldea.eus\/fr\/product\/hernani-fr\/cidrerie-hernani-larre-gain\/#breadcrumb\"},\"inLanguage\":\"fr-FR\",\"potentialAction\":[{\"@type\":\"ReadAction\",\"target\":[\"https:\/\/sagardoarenlurraldea.eus\/fr\/product\/hernani-fr\/cidrerie-hernani-larre-gain\/\"]}]},{\"@type\":\"ImageObject\",\"inLanguage\":\"fr-FR\",\"@id\":\"https:\/\/sagardoarenlurraldea.eus\/fr\/product\/hernani-fr\/cidrerie-hernani-larre-gain\/#primaryimage\",\"url\":\"https:\/\/sagardoarenlurraldea.eus\/wp-content\/uploads\/2016\/10\/SIDLARRE-F00.jpg\",\"contentUrl\":\"https:\/\/sagardoarenlurraldea.eus\/wp-content\/uploads\/2016\/10\/SIDLARRE-F00.jpg\",\"width\":900,\"height\":600,\"caption\":\"Entrada principal de la sidrer\u00eda Larre-gain\"},{\"@type\":\"BreadcrumbList\",\"@id\":\"https:\/\/sagardoarenlurraldea.eus\/fr\/product\/hernani-fr\/cidrerie-hernani-larre-gain\/#breadcrumb\",\"itemListElement\":[{\"@type\":\"ListItem\",\"position\":1,\"name\":\"Inicio\",\"item\":\"https:\/\/sagardoarenlurraldea.eus\/fr\/\"},{\"@type\":\"ListItem\",\"position\":2,\"name\":\"R\u00e9servations\",\"item\":\"https:\/\/sagardoarenlurraldea.eus\/fr\/reservations\/\"},{\"@type\":\"ListItem\",\"position\":3,\"name\":\"Cidrerie Larre-gain\"}]},{\"@type\":\"WebSite\",\"@id\":\"https:\/\/sagardoarenlurraldea.eus\/fr\/#website\",\"url\":\"https:\/\/sagardoarenlurraldea.eus\/fr\/\",\"name\":\"Sagardoaren Lurraldea\",\"description\":\"El territorio de la sidra\",\"potentialAction\":[{\"@type\":\"SearchAction\",\"target\":{\"@type\":\"EntryPoint\",\"urlTemplate\":\"https:\/\/sagardoarenlurraldea.eus\/fr\/?s={search_term_string}\"},\"query-input\":{\"@type\":\"PropertyValueSpecification\",\"valueRequired\":true,\"valueName\":\"search_term_string\"}}],\"inLanguage\":\"fr-FR\"}]}<\/script>\n<!-- \/ Yoast SEO plugin. -->","yoast_head_json":{"title":"Cidrerie Larre-gain - Sagardoaren Lurraldea","robots":{"index":"index","follow":"follow","max-snippet":"max-snippet:-1","max-image-preview":"max-image-preview:large","max-video-preview":"max-video-preview:-1"},"canonical":"https:\/\/sagardoarenlurraldea.eus\/fr\/product\/hernani-fr\/cidrerie-hernani-larre-gain\/","og_locale":"fr_FR","og_type":"article","og_title":"Cidrerie Larre-gain - Sagardoaren Lurraldea","og_description":"Cidrerie ouverte durant la saison du txotx (janvier-avril). Le secret de l\u2019\u00e9laboration de son cidre repose sur la production de ses propres pommes.","og_url":"https:\/\/sagardoarenlurraldea.eus\/fr\/product\/hernani-fr\/cidrerie-hernani-larre-gain\/","og_site_name":"Sagardoaren Lurraldea","article_publisher":"https:\/\/www.facebook.com\/sagardoarenlurraldea","article_modified_time":"2018-01-11T08:51:55+00:00","og_image":[{"width":900,"height":600,"url":"https:\/\/sagardoarenlurraldea.eus\/wp-content\/uploads\/2016\/10\/SIDLARRE-F00.jpg","type":"image\/jpeg"}],"twitter_card":"summary_large_image","schema":{"@context":"https:\/\/schema.org","@graph":[{"@type":"WebPage","@id":"https:\/\/sagardoarenlurraldea.eus\/fr\/product\/hernani-fr\/cidrerie-hernani-larre-gain\/","url":"https:\/\/sagardoarenlurraldea.eus\/fr\/product\/hernani-fr\/cidrerie-hernani-larre-gain\/","name":"Cidrerie Larre-gain - Sagardoaren Lurraldea","isPartOf":{"@id":"https:\/\/sagardoarenlurraldea.eus\/fr\/#website"},"primaryImageOfPage":{"@id":"https:\/\/sagardoarenlurraldea.eus\/fr\/product\/hernani-fr\/cidrerie-hernani-larre-gain\/#primaryimage"},"image":{"@id":"https:\/\/sagardoarenlurraldea.eus\/fr\/product\/hernani-fr\/cidrerie-hernani-larre-gain\/#primaryimage"},"thumbnailUrl":"https:\/\/sagardoarenlurraldea.eus\/wp-content\/uploads\/2016\/10\/SIDLARRE-F00.jpg","datePublished":"2016-10-17T14:33:05+00:00","dateModified":"2018-01-11T08:51:55+00:00","breadcrumb":{"@id":"https:\/\/sagardoarenlurraldea.eus\/fr\/product\/hernani-fr\/cidrerie-hernani-larre-gain\/#breadcrumb"},"inLanguage":"fr-FR","potentialAction":[{"@type":"ReadAction","target":["https:\/\/sagardoarenlurraldea.eus\/fr\/product\/hernani-fr\/cidrerie-hernani-larre-gain\/"]}]},{"@type":"ImageObject","inLanguage":"fr-FR","@id":"https:\/\/sagardoarenlurraldea.eus\/fr\/product\/hernani-fr\/cidrerie-hernani-larre-gain\/#primaryimage","url":"https:\/\/sagardoarenlurraldea.eus\/wp-content\/uploads\/2016\/10\/SIDLARRE-F00.jpg","contentUrl":"https:\/\/sagardoarenlurraldea.eus\/wp-content\/uploads\/2016\/10\/SIDLARRE-F00.jpg","width":900,"height":600,"caption":"Entrada principal de la sidrer\u00eda Larre-gain"},{"@type":"BreadcrumbList","@id":"https:\/\/sagardoarenlurraldea.eus\/fr\/product\/hernani-fr\/cidrerie-hernani-larre-gain\/#breadcrumb","itemListElement":[{"@type":"ListItem","position":1,"name":"Inicio","item":"https:\/\/sagardoarenlurraldea.eus\/fr\/"},{"@type":"ListItem","position":2,"name":"R\u00e9servations","item":"https:\/\/sagardoarenlurraldea.eus\/fr\/reservations\/"},{"@type":"ListItem","position":3,"name":"Cidrerie Larre-gain"}]},{"@type":"WebSite","@id":"https:\/\/sagardoarenlurraldea.eus\/fr\/#website","url":"https:\/\/sagardoarenlurraldea.eus\/fr\/","name":"Sagardoaren Lurraldea","description":"El territorio de la sidra","potentialAction":[{"@type":"SearchAction","target":{"@type":"EntryPoint","urlTemplate":"https:\/\/sagardoarenlurraldea.eus\/fr\/?s={search_term_string}"},"query-input":{"@type":"PropertyValueSpecification","valueRequired":true,"valueName":"search_term_string"}}],"inLanguage":"fr-FR"}]}},"_links":{"self":[{"href":"https:\/\/sagardoarenlurraldea.eus\/fr\/wp-json\/wp\/v2\/product\/25738","targetHints":{"allow":["GET"]}}],"collection":[{"href":"https:\/\/sagardoarenlurraldea.eus\/fr\/wp-json\/wp\/v2\/product"}],"about":[{"href":"https:\/\/sagardoarenlurraldea.eus\/fr\/wp-json\/wp\/v2\/types\/product"}],"replies":[{"embeddable":true,"href":"https:\/\/sagardoarenlurraldea.eus\/fr\/wp-json\/wp\/v2\/comments?post=25738"}],"wp:featuredmedia":[{"embeddable":true,"href":"https:\/\/sagardoarenlurraldea.eus\/fr\/wp-json\/wp\/v2\/media\/8188"}],"wp:attachment":[{"href":"https:\/\/sagardoarenlurraldea.eus\/fr\/wp-json\/wp\/v2\/media?parent=25738"}],"wp:term":[{"taxonomy":"product_brand","embeddable":true,"href":"https:\/\/sagardoarenlurraldea.eus\/fr\/wp-json\/wp\/v2\/product_brand?post=25738"},{"taxonomy":"product_cat","embeddable":true,"href":"https:\/\/sagardoarenlurraldea.eus\/fr\/wp-json\/wp\/v2\/product_cat?post=25738"},{"taxonomy":"product_tag","embeddable":true,"href":"https:\/\/sagardoarenlurraldea.eus\/fr\/wp-json\/wp\/v2\/product_tag?post=25738"}],"curies":[{"name":"wp","href":"https:\/\/api.w.org\/{rel}","templated":true}]}}

<h2>Description</h2>
<p>La cidrerie Larre-gain connaît l’activité de cidrerie depuis des temps immémoriaux, à l’époque où elle élaborait le cidre pour sa consommation propre. Petite cidrerie, qui élabore près de 40.000 litres de cidre par an.</p>
<h2>Déjeuner et dîner</h2>
<p><strong>En saison</strong> (janvier &#8211; avril) : Service dîner de mardi à samedi. Service déjeuner de vendredi à dimanche. Dimanche soir et lundi fermée.</p>
<p><strong>Hors saison</strong> (à partir de mai) : Fermée.</p>
<p>Capacité : 140 personnes.</p>
<h2>Informations supplémentaires</h2>
<p>Responsable : Joxe Lasarte</p>
<p>Adresse : Ereñotzu auzoa, 58. Hernani.<br />
Tél. : +34 943555846<br />
Fax. : +34 943555846<br />
E-mail : <a href="mailto:larre-gain@larre-gain.com">larre-gain@larre-gain.com</a><br />
Web : <a href="http://www.larre-gain.com/es/">www.larre-gain.com</a></p>

<p>Cidrerie ouverte durant la saison du <em>txotx</em> (janvier-avril). Le secret de l’élaboration de son cidre repose sur la production de ses propres pommes.</p>

<!-- This site is optimized with the Yoast SEO plugin v25.4 - https://yoast.com/wordpress/plugins/seo/ -->
<title>Cidrerie Larre-gain - Sagardoaren Lurraldea</title>
<meta name="robots" content="index, follow, max-snippet:-1, max-image-preview:large, max-video-preview:-1" />
<link rel="canonical" href="https://sagardoarenlurraldea.eus/fr/product/hernani-fr/cidrerie-hernani-larre-gain/" />
<meta property="og:locale" content="fr_FR" />
<meta property="og:type" content="article" />
<meta property="og:title" content="Cidrerie Larre-gain - Sagardoaren Lurraldea" />
<meta property="og:description" content="Cidrerie ouverte durant la saison du txotx (janvier-avril). Le secret de l’élaboration de son cidre repose sur la production de ses propres pommes." />
<meta property="og:url" content="https://sagardoarenlurraldea.eus/fr/product/hernani-fr/cidrerie-hernani-larre-gain/" />
<meta property="og:site_name" content="Sagardoaren Lurraldea" />
<meta property="article:publisher" content="https://www.facebook.com/sagardoarenlurraldea" />
<meta property="article:modified_time" content="2018-01-11T08:51:55+00:00" />
<meta property="og:image" content="https://sagardoarenlurraldea.eus/wp-content/uploads/2016/10/SIDLARRE-F00.jpg" />
	<meta property="og:image:width" content="900" />
	<meta property="og:image:height" content="600" />
	<meta property="og:image:type" content="image/jpeg" />
<meta name="twitter:card" content="summary_large_image" />
<script type="application/ld+json" class="yoast-schema-graph">{"@context":"https://schema.org","@graph":[{"@type":"WebPage","@id":"https://sagardoarenlurraldea.eus/fr/product/hernani-fr/cidrerie-hernani-larre-gain/","url":"https://sagardoarenlurraldea.eus/fr/product/hernani-fr/cidrerie-hernani-larre-gain/","name":"Cidrerie Larre-gain - Sagardoaren Lurraldea","isPartOf":{"@id":"https://sagardoarenlurraldea.eus/fr/#website"},"primaryImageOfPage":{"@id":"https://sagardoarenlurraldea.eus/fr/product/hernani-fr/cidrerie-hernani-larre-gain/#primaryimage"},"image":{"@id":"https://sagardoarenlurraldea.eus/fr/product/hernani-fr/cidrerie-hernani-larre-gain/#primaryimage"},"thumbnailUrl":"https://sagardoarenlurraldea.eus/wp-content/uploads/2016/10/SIDLARRE-F00.jpg","datePublished":"2016-10-17T14:33:05+00:00","dateModified":"2018-01-11T08:51:55+00:00","breadcrumb":{"@id":"https://sagardoarenlurraldea.eus/fr/product/hernani-fr/cidrerie-hernani-larre-gain/#breadcrumb"},"inLanguage":"fr-FR","potentialAction":[{"@type":"ReadAction","target":["https://sagardoarenlurraldea.eus/fr/product/hernani-fr/cidrerie-hernani-larre-gain/"]}]},{"@type":"ImageObject","inLanguage":"fr-FR","@id":"https://sagardoarenlurraldea.eus/fr/product/hernani-fr/cidrerie-hernani-larre-gain/#primaryimage","url":"https://sagardoarenlurraldea.eus/wp-content/uploads/2016/10/SIDLARRE-F00.jpg","contentUrl":"https://sagardoarenlurraldea.eus/wp-content/uploads/2016/10/SIDLARRE-F00.jpg","width":900,"height":600,"caption":"Entrada principal de la sidrería Larre-gain"},{"@type":"BreadcrumbList","@id":"https://sagardoarenlurraldea.eus/fr/product/hernani-fr/cidrerie-hernani-larre-gain/#breadcrumb","itemListElement":[{"@type":"ListItem","position":1,"name":"Inicio","item":"https://sagardoarenlurraldea.eus/fr/"},{"@type":"ListItem","position":2,"name":"Réservations","item":"https://sagardoarenlurraldea.eus/fr/reservations/"},{"@type":"ListItem","position":3,"name":"Cidrerie Larre-gain"}]},{"@type":"WebSite","@id":"https://sagardoarenlurraldea.eus/fr/#website","url":"https://sagardoarenlurraldea.eus/fr/","name":"Sagardoaren Lurraldea","description":"El territorio de la sidra","potentialAction":[{"@type":"SearchAction","target":{"@type":"EntryPoint","urlTemplate":"https://sagardoarenlurraldea.eus/fr/?s={search_term_string}"},"query-input":{"@type":"PropertyValueSpecification","valueRequired":true,"valueName":"search_term_string"}}],"inLanguage":"fr-FR"}]}</script>
<!-- / Yoast SEO plugin. -->

Cidrerie ouverte durant la saison du txotx (janvier-avril). Le secret de l’élaboration de son cidre repose sur la production de ses propres pommes.

Entrada principal de la sidrería Larre-gain

Réservations
