{"id":25729,"date":"2016-10-18T15:40:00","date_gmt":"2016-10-18T13:40:00","guid":{"rendered":"http:\/\/www.sagardoarenlurraldea.eus\/reservar\/sin%20categorizar\/cidrerie-asteasu-sarasola\/"},"modified":"2018-01-11T10:34:31","modified_gmt":"2018-01-11T08:34:31","slug":"cidrerie-asteasu-sarasola","status":"publish","type":"product","link":"https:\/\/sagardoarenlurraldea.eus\/fr\/product\/asteasu-fr\/cidrerie-asteasu-sarasola\/","title":{"rendered":"Cidrerie Sarasola"},"content":{"rendered":"<h2>Description<\/h2>\n<p>La cidrerie Sarasola se situe \u00e0 Asteasu et elle est fi\u00e8re d\u2019une longue tradition dans l\u2019\u00e9laboration du cidre selon les m\u00e9thodes traditionnelles. Fond\u00e9e en 1970, elle \u00e9tait au d\u00e9but une cidrerie de quartier, un lieu de rencontre des voisins. Dans l&rsquo;actualit\u00e9,\u00a0 le cidre est \u00e9labor\u00e9 avec des pommes de ses propres pommiers (75%) et import\u00e9es.<\/p>\n<h2>D\u00e9jeuner et d\u00eener<\/h2>\n<p><strong>En saison <\/strong>(Janvier-avril) : Service d\u00eener tous les soirs et service d\u00e9jeuner samedi, dimanche et f\u00e9ri\u00e9s.<\/p>\n<p><strong>Hors saison<\/strong> (\u00e0 partir de mai) : Ferm\u00e9e.<\/p>\n<p>Capacit\u00e9 : 150 personnes.<\/p>\n<h2>Informations suppl\u00e9mentaires<\/h2>\n<p>Responsable : Inaxio Sarasola<\/p>\n<p>Adresse : Bebailara auzoa. Alkiza bidea. Asteasu.<br \/>\nT\u00e9l. : +34 943690283<br \/>\nWeb : <a href=\"http:\/\/www.sarasolasagardotegiaasteasu.com\">http:\/\/www.sarasolasagardotegiaasteasu.com<\/a><\/p>\n<p>&nbsp;<\/p>\n","protected":false},"excerpt":{"rendered":"<p>Situ\u00e9e dans l\u2019une des zones les plus embl\u00e9matiques de l\u2019univers du cidre. Cidrerie ouverte pendant la saison du txotx (janvier-avril).<\/p>\n","protected":false},"featured_media":8343,"comment_status":"open","ping_status":"closed","template":"","meta":{"_acf_changed":false,"_et_pb_use_builder":"","_et_pb_old_content":"","_et_gb_content_width":""},"product_brand":[],"product_cat":[2657,2709],"product_tag":[2623,2630,2633,2627,2637,2636,2616,2615,2641,2619,2640,2618,2624],"class_list":{"0":"post-25729","1":"product","2":"type-product","3":"status-publish","4":"has-post-thumbnail","6":"product_cat-asteasu-fr","7":"product_cat-cidreries-fr","8":"product_tag-acces-en-bus","9":"product_tag-acces-en-voiture","10":"product_tag-acces-en-minibus","11":"product_tag-acces-handicapes","12":"product_tag-manger-debout","13":"product_tag-manger-a-table","14":"product_tag-groupe-de-plus-de-25","15":"product_tag-groupe-de-moins-de-25","16":"product_tag-menu-traditionnel","17":"product_tag-parking-fr","18":"product_tag-cidre-en-txotx","19":"product_tag-services-diner","20":"product_tag-services-dejeuner","21":"pa_acceso-a-pied","22":"pa_caracteristicas-y-menus-manger-debout-cidrerie","23":"pa_caracteristicas-y-menus-groupe-plus-25","24":"pa_caracteristicas-y-menus-cidre-en-txotx","25":"dtwm_map-sarasola-fr","27":"first","28":"instock","29":"virtual","30":"product-type-simple"},"exclude_global_add_ons":[],"addons":[],"acf":[],"yoast_head":"<!-- This site is optimized with the Yoast SEO plugin v25.4 - https:\/\/yoast.com\/wordpress\/plugins\/seo\/ -->\n<title>Cidrerie Sarasola - Sagardoaren Lurraldea<\/title>\n<meta name=\"robots\" content=\"index, follow, max-snippet:-1, max-image-preview:large, max-video-preview:-1\" \/>\n<link rel=\"canonical\" href=\"https:\/\/sagardoarenlurraldea.eus\/fr\/product\/asteasu-fr\/cidrerie-asteasu-sarasola\/\" \/>\n<meta property=\"og:locale\" content=\"fr_FR\" \/>\n<meta property=\"og:type\" content=\"article\" \/>\n<meta property=\"og:title\" content=\"Cidrerie Sarasola - Sagardoaren Lurraldea\" \/>\n<meta property=\"og:description\" content=\"Situ\u00e9e dans l\u2019une des zones les plus embl\u00e9matiques de l\u2019univers du cidre. Cidrerie ouverte pendant la saison du txotx (janvier-avril).\" \/>\n<meta property=\"og:url\" content=\"https:\/\/sagardoarenlurraldea.eus\/fr\/product\/asteasu-fr\/cidrerie-asteasu-sarasola\/\" \/>\n<meta property=\"og:site_name\" content=\"Sagardoaren Lurraldea\" \/>\n<meta property=\"article:publisher\" content=\"https:\/\/www.facebook.com\/sagardoarenlurraldea\" \/>\n<meta property=\"article:modified_time\" content=\"2018-01-11T08:34:31+00:00\" \/>\n<meta property=\"og:image\" content=\"https:\/\/sagardoarenlurraldea.eus\/wp-content\/uploads\/2016\/10\/SIDSAR-F00.jpg\" \/>\n\t<meta property=\"og:image:width\" content=\"900\" \/>\n\t<meta property=\"og:image:height\" content=\"600\" \/>\n\t<meta property=\"og:image:type\" content=\"image\/jpeg\" \/>\n<meta name=\"twitter:card\" content=\"summary_large_image\" \/>\n<meta name=\"twitter:label1\" content=\"Dur\u00e9e de lecture estim\u00e9e\" \/>\n\t<meta name=\"twitter:data1\" content=\"1 minute\" \/>\n<script type=\"application\/ld+json\" class=\"yoast-schema-graph\">{\"@context\":\"https:\/\/schema.org\",\"@graph\":[{\"@type\":\"WebPage\",\"@id\":\"https:\/\/sagardoarenlurraldea.eus\/fr\/product\/asteasu-fr\/cidrerie-asteasu-sarasola\/\",\"url\":\"https:\/\/sagardoarenlurraldea.eus\/fr\/product\/asteasu-fr\/cidrerie-asteasu-sarasola\/\",\"name\":\"Cidrerie Sarasola - Sagardoaren Lurraldea\",\"isPartOf\":{\"@id\":\"https:\/\/sagardoarenlurraldea.eus\/fr\/#website\"},\"primaryImageOfPage\":{\"@id\":\"https:\/\/sagardoarenlurraldea.eus\/fr\/product\/asteasu-fr\/cidrerie-asteasu-sarasola\/#primaryimage\"},\"image\":{\"@id\":\"https:\/\/sagardoarenlurraldea.eus\/fr\/product\/asteasu-fr\/cidrerie-asteasu-sarasola\/#primaryimage\"},\"thumbnailUrl\":\"https:\/\/sagardoarenlurraldea.eus\/wp-content\/uploads\/2016\/10\/SIDSAR-F00.jpg\",\"datePublished\":\"2016-10-18T13:40:00+00:00\",\"dateModified\":\"2018-01-11T08:34:31+00:00\",\"breadcrumb\":{\"@id\":\"https:\/\/sagardoarenlurraldea.eus\/fr\/product\/asteasu-fr\/cidrerie-asteasu-sarasola\/#breadcrumb\"},\"inLanguage\":\"fr-FR\",\"potentialAction\":[{\"@type\":\"ReadAction\",\"target\":[\"https:\/\/sagardoarenlurraldea.eus\/fr\/product\/asteasu-fr\/cidrerie-asteasu-sarasola\/\"]}]},{\"@type\":\"ImageObject\",\"inLanguage\":\"fr-FR\",\"@id\":\"https:\/\/sagardoarenlurraldea.eus\/fr\/product\/asteasu-fr\/cidrerie-asteasu-sarasola\/#primaryimage\",\"url\":\"https:\/\/sagardoarenlurraldea.eus\/wp-content\/uploads\/2016\/10\/SIDSAR-F00.jpg\",\"contentUrl\":\"https:\/\/sagardoarenlurraldea.eus\/wp-content\/uploads\/2016\/10\/SIDSAR-F00.jpg\",\"width\":900,\"height\":600,\"caption\":\"Entrada principal de la sidrer\u00eda Sarasola\"},{\"@type\":\"BreadcrumbList\",\"@id\":\"https:\/\/sagardoarenlurraldea.eus\/fr\/product\/asteasu-fr\/cidrerie-asteasu-sarasola\/#breadcrumb\",\"itemListElement\":[{\"@type\":\"ListItem\",\"position\":1,\"name\":\"Inicio\",\"item\":\"https:\/\/sagardoarenlurraldea.eus\/fr\/\"},{\"@type\":\"ListItem\",\"position\":2,\"name\":\"R\u00e9servations\",\"item\":\"https:\/\/sagardoarenlurraldea.eus\/fr\/reservations\/\"},{\"@type\":\"ListItem\",\"position\":3,\"name\":\"Cidrerie Sarasola\"}]},{\"@type\":\"WebSite\",\"@id\":\"https:\/\/sagardoarenlurraldea.eus\/fr\/#website\",\"url\":\"https:\/\/sagardoarenlurraldea.eus\/fr\/\",\"name\":\"Sagardoaren Lurraldea\",\"description\":\"El territorio de la sidra\",\"potentialAction\":[{\"@type\":\"SearchAction\",\"target\":{\"@type\":\"EntryPoint\",\"urlTemplate\":\"https:\/\/sagardoarenlurraldea.eus\/fr\/?s={search_term_string}\"},\"query-input\":{\"@type\":\"PropertyValueSpecification\",\"valueRequired\":true,\"valueName\":\"search_term_string\"}}],\"inLanguage\":\"fr-FR\"}]}<\/script>\n<!-- \/ Yoast SEO plugin. -->","yoast_head_json":{"title":"Cidrerie Sarasola - Sagardoaren Lurraldea","robots":{"index":"index","follow":"follow","max-snippet":"max-snippet:-1","max-image-preview":"max-image-preview:large","max-video-preview":"max-video-preview:-1"},"canonical":"https:\/\/sagardoarenlurraldea.eus\/fr\/product\/asteasu-fr\/cidrerie-asteasu-sarasola\/","og_locale":"fr_FR","og_type":"article","og_title":"Cidrerie Sarasola - Sagardoaren Lurraldea","og_description":"Situ\u00e9e dans l\u2019une des zones les plus embl\u00e9matiques de l\u2019univers du cidre. Cidrerie ouverte pendant la saison du txotx (janvier-avril).","og_url":"https:\/\/sagardoarenlurraldea.eus\/fr\/product\/asteasu-fr\/cidrerie-asteasu-sarasola\/","og_site_name":"Sagardoaren Lurraldea","article_publisher":"https:\/\/www.facebook.com\/sagardoarenlurraldea","article_modified_time":"2018-01-11T08:34:31+00:00","og_image":[{"width":900,"height":600,"url":"https:\/\/sagardoarenlurraldea.eus\/wp-content\/uploads\/2016\/10\/SIDSAR-F00.jpg","type":"image\/jpeg"}],"twitter_card":"summary_large_image","twitter_misc":{"Dur\u00e9e de lecture estim\u00e9e":"1 minute"},"schema":{"@context":"https:\/\/schema.org","@graph":[{"@type":"WebPage","@id":"https:\/\/sagardoarenlurraldea.eus\/fr\/product\/asteasu-fr\/cidrerie-asteasu-sarasola\/","url":"https:\/\/sagardoarenlurraldea.eus\/fr\/product\/asteasu-fr\/cidrerie-asteasu-sarasola\/","name":"Cidrerie Sarasola - Sagardoaren Lurraldea","isPartOf":{"@id":"https:\/\/sagardoarenlurraldea.eus\/fr\/#website"},"primaryImageOfPage":{"@id":"https:\/\/sagardoarenlurraldea.eus\/fr\/product\/asteasu-fr\/cidrerie-asteasu-sarasola\/#primaryimage"},"image":{"@id":"https:\/\/sagardoarenlurraldea.eus\/fr\/product\/asteasu-fr\/cidrerie-asteasu-sarasola\/#primaryimage"},"thumbnailUrl":"https:\/\/sagardoarenlurraldea.eus\/wp-content\/uploads\/2016\/10\/SIDSAR-F00.jpg","datePublished":"2016-10-18T13:40:00+00:00","dateModified":"2018-01-11T08:34:31+00:00","breadcrumb":{"@id":"https:\/\/sagardoarenlurraldea.eus\/fr\/product\/asteasu-fr\/cidrerie-asteasu-sarasola\/#breadcrumb"},"inLanguage":"fr-FR","potentialAction":[{"@type":"ReadAction","target":["https:\/\/sagardoarenlurraldea.eus\/fr\/product\/asteasu-fr\/cidrerie-asteasu-sarasola\/"]}]},{"@type":"ImageObject","inLanguage":"fr-FR","@id":"https:\/\/sagardoarenlurraldea.eus\/fr\/product\/asteasu-fr\/cidrerie-asteasu-sarasola\/#primaryimage","url":"https:\/\/sagardoarenlurraldea.eus\/wp-content\/uploads\/2016\/10\/SIDSAR-F00.jpg","contentUrl":"https:\/\/sagardoarenlurraldea.eus\/wp-content\/uploads\/2016\/10\/SIDSAR-F00.jpg","width":900,"height":600,"caption":"Entrada principal de la sidrer\u00eda Sarasola"},{"@type":"BreadcrumbList","@id":"https:\/\/sagardoarenlurraldea.eus\/fr\/product\/asteasu-fr\/cidrerie-asteasu-sarasola\/#breadcrumb","itemListElement":[{"@type":"ListItem","position":1,"name":"Inicio","item":"https:\/\/sagardoarenlurraldea.eus\/fr\/"},{"@type":"ListItem","position":2,"name":"R\u00e9servations","item":"https:\/\/sagardoarenlurraldea.eus\/fr\/reservations\/"},{"@type":"ListItem","position":3,"name":"Cidrerie Sarasola"}]},{"@type":"WebSite","@id":"https:\/\/sagardoarenlurraldea.eus\/fr\/#website","url":"https:\/\/sagardoarenlurraldea.eus\/fr\/","name":"Sagardoaren Lurraldea","description":"El territorio de la sidra","potentialAction":[{"@type":"SearchAction","target":{"@type":"EntryPoint","urlTemplate":"https:\/\/sagardoarenlurraldea.eus\/fr\/?s={search_term_string}"},"query-input":{"@type":"PropertyValueSpecification","valueRequired":true,"valueName":"search_term_string"}}],"inLanguage":"fr-FR"}]}},"_links":{"self":[{"href":"https:\/\/sagardoarenlurraldea.eus\/fr\/wp-json\/wp\/v2\/product\/25729","targetHints":{"allow":["GET"]}}],"collection":[{"href":"https:\/\/sagardoarenlurraldea.eus\/fr\/wp-json\/wp\/v2\/product"}],"about":[{"href":"https:\/\/sagardoarenlurraldea.eus\/fr\/wp-json\/wp\/v2\/types\/product"}],"replies":[{"embeddable":true,"href":"https:\/\/sagardoarenlurraldea.eus\/fr\/wp-json\/wp\/v2\/comments?post=25729"}],"wp:featuredmedia":[{"embeddable":true,"href":"https:\/\/sagardoarenlurraldea.eus\/fr\/wp-json\/wp\/v2\/media\/8343"}],"wp:attachment":[{"href":"https:\/\/sagardoarenlurraldea.eus\/fr\/wp-json\/wp\/v2\/media?parent=25729"}],"wp:term":[{"taxonomy":"product_brand","embeddable":true,"href":"https:\/\/sagardoarenlurraldea.eus\/fr\/wp-json\/wp\/v2\/product_brand?post=25729"},{"taxonomy":"product_cat","embeddable":true,"href":"https:\/\/sagardoarenlurraldea.eus\/fr\/wp-json\/wp\/v2\/product_cat?post=25729"},{"taxonomy":"product_tag","embeddable":true,"href":"https:\/\/sagardoarenlurraldea.eus\/fr\/wp-json\/wp\/v2\/product_tag?post=25729"}],"curies":[{"name":"wp","href":"https:\/\/api.w.org\/{rel}","templated":true}]}}

<h2>Description</h2>
<p>La cidrerie Sarasola se situe à Asteasu et elle est fière d’une longue tradition dans l’élaboration du cidre selon les méthodes traditionnelles. Fondée en 1970, elle était au début une cidrerie de quartier, un lieu de rencontre des voisins. Dans l&rsquo;actualité,  le cidre est élaboré avec des pommes de ses propres pommiers (75%) et importées.</p>
<h2>Déjeuner et dîner</h2>
<p><strong>En saison </strong>(Janvier-avril) : Service dîner tous les soirs et service déjeuner samedi, dimanche et fériés.</p>
<p><strong>Hors saison</strong> (à partir de mai) : Fermée.</p>
<p>Capacité : 150 personnes.</p>
<h2>Informations supplémentaires</h2>
<p>Responsable : Inaxio Sarasola</p>
<p>Adresse : Bebailara auzoa. Alkiza bidea. Asteasu.<br />
Tél. : +34 943690283<br />
Web : <a href="http://www.sarasolasagardotegiaasteasu.com">http://www.sarasolasagardotegiaasteasu.com</a></p>
<p>&nbsp;</p>

<p>Située dans l’une des zones les plus emblématiques de l’univers du cidre. Cidrerie ouverte pendant la saison du txotx (janvier-avril).</p>

<!-- This site is optimized with the Yoast SEO plugin v25.4 - https://yoast.com/wordpress/plugins/seo/ -->
<title>Cidrerie Sarasola - Sagardoaren Lurraldea</title>
<meta name="robots" content="index, follow, max-snippet:-1, max-image-preview:large, max-video-preview:-1" />
<link rel="canonical" href="https://sagardoarenlurraldea.eus/fr/product/asteasu-fr/cidrerie-asteasu-sarasola/" />
<meta property="og:locale" content="fr_FR" />
<meta property="og:type" content="article" />
<meta property="og:title" content="Cidrerie Sarasola - Sagardoaren Lurraldea" />
<meta property="og:description" content="Située dans l’une des zones les plus emblématiques de l’univers du cidre. Cidrerie ouverte pendant la saison du txotx (janvier-avril)." />
<meta property="og:url" content="https://sagardoarenlurraldea.eus/fr/product/asteasu-fr/cidrerie-asteasu-sarasola/" />
<meta property="og:site_name" content="Sagardoaren Lurraldea" />
<meta property="article:publisher" content="https://www.facebook.com/sagardoarenlurraldea" />
<meta property="article:modified_time" content="2018-01-11T08:34:31+00:00" />
<meta property="og:image" content="https://sagardoarenlurraldea.eus/wp-content/uploads/2016/10/SIDSAR-F00.jpg" />
	<meta property="og:image:width" content="900" />
	<meta property="og:image:height" content="600" />
	<meta property="og:image:type" content="image/jpeg" />
<meta name="twitter:card" content="summary_large_image" />
<meta name="twitter:label1" content="Durée de lecture estimée" />
	<meta name="twitter:data1" content="1 minute" />
<script type="application/ld+json" class="yoast-schema-graph">{"@context":"https://schema.org","@graph":[{"@type":"WebPage","@id":"https://sagardoarenlurraldea.eus/fr/product/asteasu-fr/cidrerie-asteasu-sarasola/","url":"https://sagardoarenlurraldea.eus/fr/product/asteasu-fr/cidrerie-asteasu-sarasola/","name":"Cidrerie Sarasola - Sagardoaren Lurraldea","isPartOf":{"@id":"https://sagardoarenlurraldea.eus/fr/#website"},"primaryImageOfPage":{"@id":"https://sagardoarenlurraldea.eus/fr/product/asteasu-fr/cidrerie-asteasu-sarasola/#primaryimage"},"image":{"@id":"https://sagardoarenlurraldea.eus/fr/product/asteasu-fr/cidrerie-asteasu-sarasola/#primaryimage"},"thumbnailUrl":"https://sagardoarenlurraldea.eus/wp-content/uploads/2016/10/SIDSAR-F00.jpg","datePublished":"2016-10-18T13:40:00+00:00","dateModified":"2018-01-11T08:34:31+00:00","breadcrumb":{"@id":"https://sagardoarenlurraldea.eus/fr/product/asteasu-fr/cidrerie-asteasu-sarasola/#breadcrumb"},"inLanguage":"fr-FR","potentialAction":[{"@type":"ReadAction","target":["https://sagardoarenlurraldea.eus/fr/product/asteasu-fr/cidrerie-asteasu-sarasola/"]}]},{"@type":"ImageObject","inLanguage":"fr-FR","@id":"https://sagardoarenlurraldea.eus/fr/product/asteasu-fr/cidrerie-asteasu-sarasola/#primaryimage","url":"https://sagardoarenlurraldea.eus/wp-content/uploads/2016/10/SIDSAR-F00.jpg","contentUrl":"https://sagardoarenlurraldea.eus/wp-content/uploads/2016/10/SIDSAR-F00.jpg","width":900,"height":600,"caption":"Entrada principal de la sidrería Sarasola"},{"@type":"BreadcrumbList","@id":"https://sagardoarenlurraldea.eus/fr/product/asteasu-fr/cidrerie-asteasu-sarasola/#breadcrumb","itemListElement":[{"@type":"ListItem","position":1,"name":"Inicio","item":"https://sagardoarenlurraldea.eus/fr/"},{"@type":"ListItem","position":2,"name":"Réservations","item":"https://sagardoarenlurraldea.eus/fr/reservations/"},{"@type":"ListItem","position":3,"name":"Cidrerie Sarasola"}]},{"@type":"WebSite","@id":"https://sagardoarenlurraldea.eus/fr/#website","url":"https://sagardoarenlurraldea.eus/fr/","name":"Sagardoaren Lurraldea","description":"El territorio de la sidra","potentialAction":[{"@type":"SearchAction","target":{"@type":"EntryPoint","urlTemplate":"https://sagardoarenlurraldea.eus/fr/?s={search_term_string}"},"query-input":{"@type":"PropertyValueSpecification","valueRequired":true,"valueName":"search_term_string"}}],"inLanguage":"fr-FR"}]}</script>
<!-- / Yoast SEO plugin. -->

Située dans l’une des zones les plus emblématiques de l’univers du cidre. Cidrerie ouverte pendant la saison du txotx (janvier-avril).

Entrada principal de la sidrería Sarasola

Réservations
