{"id":307812,"date":"2026-04-24T17:38:43","date_gmt":"2026-04-24T15:38:43","guid":{"rendered":"https:\/\/sagardoarenlurraldea.eus\/?post_type=tribe_events&#038;p=307812"},"modified":"2026-04-24T17:38:43","modified_gmt":"2026-04-24T15:38:43","slug":"ciderworld-cata-guiada-de-sidra","status":"publish","type":"tribe_events","link":"https:\/\/sagardoarenlurraldea.eus\/es\/evento\/ciderworld-cata-guiada-de-sidra\/","title":{"rendered":"CiderWorld: cata guiada de sidra"},"content":{"rendered":"<p>Tras haber participado en <strong>CiderWorld,<\/strong> uno de los eventos de sidra m\u00e1s importantes de Europa, que se celebra cada a\u00f1o en Frankfurt, las sidrer\u00edas <strong>Gurutzeta, Zapiain y Petritegi<\/strong> de Astigarraga ofrecer\u00e1n el 8 de mayo una cata guiada de las sidras que presentaron en Alemania. La cata se celebrar\u00e1 en la sidrer\u00eda Gurutzeta.<\/p>\n<h2>Informaci\u00f3n pr\u00e1ctica<\/h2>\n<div>\n<ul>\n<li><strong>Actividad<\/strong>: CiderWorld cata guiada de sidra.<\/li>\n<li><strong>Fecha<\/strong>: 8 de mayo (viernes).<\/li>\n<li><strong>Hora: <\/strong>18:30.<\/li>\n<li><strong>Ubicaci\u00f3n<\/strong>: Sidrer\u00eda Gurutzeta. Oialume Bidea, 63, 20115 Astigarraga. <a href=\"https:\/\/share.google\/mL4sm8fXhVEH9j5Kg\">C\u00f3mo llegar.<\/a><\/li>\n<li><strong>Duraci\u00f3n<\/strong>: una hora.<\/li>\n<li><strong>Precio<\/strong>: gratuito.<\/li>\n<li><strong><a href=\"https:\/\/sagardoarenlurraldea.eus\/es\/reservar\/actividad\/ciderworld-cata-guiada-de-sidra\/\">Reservas aqu\u00ed.<\/a><\/strong><\/li>\n<\/ul>\n<\/div>\n","protected":false},"excerpt":{"rendered":"<p>Tras haber participado en CiderWorld, uno de los eventos de sidra m\u00e1s importantes de Europa, que se celebra cada a\u00f1o en Frankfurt, las sidrer\u00edas Gurutzeta, Zapiain y Petritegi de Astigarraga [&hellip;]<\/p>\n","protected":false},"author":8,"featured_media":307768,"template":"","meta":{"_acf_changed":false,"_et_pb_use_builder":"","_et_pb_old_content":"","_et_gb_content_width":"","_tribe_events_status":"","_tribe_events_status_reason":"","footnotes":""},"tags":[],"tribe_events_cat":[2943],"class_list":["post-307812","tribe_events","type-tribe_events","status-publish","has-post-thumbnail","hentry","tribe_events_cat-degustacion","cat_degustacion"],"acf":[],"yoast_head":"<!-- This site is optimized with the Yoast SEO plugin v25.4 - https:\/\/yoast.com\/wordpress\/plugins\/seo\/ -->\n<title>CiderWorld: cata guiada de sidra - Sagardoaren Lurraldea<\/title>\n<meta name=\"robots\" content=\"index, follow, max-snippet:-1, max-image-preview:large, max-video-preview:-1\" \/>\n<link rel=\"canonical\" href=\"https:\/\/sagardoarenlurraldea.eus\/es\/evento\/ciderworld-cata-guiada-de-sidra\/\" \/>\n<meta property=\"og:locale\" content=\"es_ES\" \/>\n<meta property=\"og:type\" content=\"article\" \/>\n<meta property=\"og:title\" content=\"CiderWorld: cata guiada de sidra - Sagardoaren Lurraldea\" \/>\n<meta property=\"og:description\" content=\"Tras haber participado en CiderWorld, uno de los eventos de sidra m\u00e1s importantes de Europa, que se celebra cada a\u00f1o en Frankfurt, las sidrer\u00edas Gurutzeta, Zapiain y Petritegi de Astigarraga [&hellip;]\" \/>\n<meta property=\"og:url\" content=\"https:\/\/sagardoarenlurraldea.eus\/es\/evento\/ciderworld-cata-guiada-de-sidra\/\" \/>\n<meta property=\"og:site_name\" content=\"Sagardoaren Lurraldea\" \/>\n<meta property=\"article:publisher\" content=\"https:\/\/www.facebook.com\/sagardoarenlurraldea\" \/>\n<meta property=\"og:image\" content=\"https:\/\/sagardoarenlurraldea.eus\/wp-content\/uploads\/2026\/04\/IMG_2865-1-scaled.jpg\" \/>\n\t<meta property=\"og:image:width\" content=\"2560\" \/>\n\t<meta property=\"og:image:height\" content=\"2154\" \/>\n\t<meta property=\"og:image:type\" content=\"image\/jpeg\" \/>\n<meta name=\"twitter:card\" content=\"summary_large_image\" \/>\n<script type=\"application\/ld+json\" class=\"yoast-schema-graph\">{\"@context\":\"https:\/\/schema.org\",\"@graph\":[{\"@type\":\"WebPage\",\"@id\":\"https:\/\/sagardoarenlurraldea.eus\/es\/evento\/ciderworld-cata-guiada-de-sidra\/\",\"url\":\"https:\/\/sagardoarenlurraldea.eus\/es\/evento\/ciderworld-cata-guiada-de-sidra\/\",\"name\":\"CiderWorld: cata guiada de sidra - Sagardoaren Lurraldea\",\"isPartOf\":{\"@id\":\"https:\/\/sagardoarenlurraldea.eus\/es\/#website\"},\"primaryImageOfPage\":{\"@id\":\"https:\/\/sagardoarenlurraldea.eus\/es\/evento\/ciderworld-cata-guiada-de-sidra\/#primaryimage\"},\"image\":{\"@id\":\"https:\/\/sagardoarenlurraldea.eus\/es\/evento\/ciderworld-cata-guiada-de-sidra\/#primaryimage\"},\"thumbnailUrl\":\"https:\/\/sagardoarenlurraldea.eus\/wp-content\/uploads\/2026\/04\/IMG_2865-1-scaled-e1777278718755.jpg\",\"datePublished\":\"2026-04-24T15:38:43+00:00\",\"breadcrumb\":{\"@id\":\"https:\/\/sagardoarenlurraldea.eus\/es\/evento\/ciderworld-cata-guiada-de-sidra\/#breadcrumb\"},\"inLanguage\":\"es\",\"potentialAction\":[{\"@type\":\"ReadAction\",\"target\":[\"https:\/\/sagardoarenlurraldea.eus\/es\/evento\/ciderworld-cata-guiada-de-sidra\/\"]}]},{\"@type\":\"ImageObject\",\"inLanguage\":\"es\",\"@id\":\"https:\/\/sagardoarenlurraldea.eus\/es\/evento\/ciderworld-cata-guiada-de-sidra\/#primaryimage\",\"url\":\"https:\/\/sagardoarenlurraldea.eus\/wp-content\/uploads\/2026\/04\/IMG_2865-1-scaled-e1777278718755.jpg\",\"contentUrl\":\"https:\/\/sagardoarenlurraldea.eus\/wp-content\/uploads\/2026\/04\/IMG_2865-1-scaled-e1777278718755.jpg\",\"width\":2560,\"height\":2154},{\"@type\":\"BreadcrumbList\",\"@id\":\"https:\/\/sagardoarenlurraldea.eus\/es\/evento\/ciderworld-cata-guiada-de-sidra\/#breadcrumb\",\"itemListElement\":[{\"@type\":\"ListItem\",\"position\":1,\"name\":\"Inicio\",\"item\":\"https:\/\/sagardoarenlurraldea.eus\/es\/\"},{\"@type\":\"ListItem\",\"position\":2,\"name\":\"Eventos\",\"item\":\"https:\/\/sagardoarenlurraldea.eus\/es\/agenda\/\"},{\"@type\":\"ListItem\",\"position\":3,\"name\":\"CiderWorld: cata guiada de sidra\"}]},{\"@type\":\"WebSite\",\"@id\":\"https:\/\/sagardoarenlurraldea.eus\/es\/#website\",\"url\":\"https:\/\/sagardoarenlurraldea.eus\/es\/\",\"name\":\"Sagardoaren Lurraldea\",\"description\":\"El territorio de la sidra\",\"potentialAction\":[{\"@type\":\"SearchAction\",\"target\":{\"@type\":\"EntryPoint\",\"urlTemplate\":\"https:\/\/sagardoarenlurraldea.eus\/es\/?s={search_term_string}\"},\"query-input\":{\"@type\":\"PropertyValueSpecification\",\"valueRequired\":true,\"valueName\":\"search_term_string\"}}],\"inLanguage\":\"es\"}]}<\/script>\n<!-- \/ Yoast SEO plugin. -->","yoast_head_json":{"title":"CiderWorld: cata guiada de sidra - Sagardoaren Lurraldea","robots":{"index":"index","follow":"follow","max-snippet":"max-snippet:-1","max-image-preview":"max-image-preview:large","max-video-preview":"max-video-preview:-1"},"canonical":"https:\/\/sagardoarenlurraldea.eus\/es\/evento\/ciderworld-cata-guiada-de-sidra\/","og_locale":"es_ES","og_type":"article","og_title":"CiderWorld: cata guiada de sidra - Sagardoaren Lurraldea","og_description":"Tras haber participado en CiderWorld, uno de los eventos de sidra m\u00e1s importantes de Europa, que se celebra cada a\u00f1o en Frankfurt, las sidrer\u00edas Gurutzeta, Zapiain y Petritegi de Astigarraga [&hellip;]","og_url":"https:\/\/sagardoarenlurraldea.eus\/es\/evento\/ciderworld-cata-guiada-de-sidra\/","og_site_name":"Sagardoaren Lurraldea","article_publisher":"https:\/\/www.facebook.com\/sagardoarenlurraldea","og_image":[{"width":2560,"height":2154,"url":"https:\/\/sagardoarenlurraldea.eus\/wp-content\/uploads\/2026\/04\/IMG_2865-1-scaled.jpg","type":"image\/jpeg"}],"twitter_card":"summary_large_image","schema":{"@context":"https:\/\/schema.org","@graph":[{"@type":"WebPage","@id":"https:\/\/sagardoarenlurraldea.eus\/es\/evento\/ciderworld-cata-guiada-de-sidra\/","url":"https:\/\/sagardoarenlurraldea.eus\/es\/evento\/ciderworld-cata-guiada-de-sidra\/","name":"CiderWorld: cata guiada de sidra - Sagardoaren Lurraldea","isPartOf":{"@id":"https:\/\/sagardoarenlurraldea.eus\/es\/#website"},"primaryImageOfPage":{"@id":"https:\/\/sagardoarenlurraldea.eus\/es\/evento\/ciderworld-cata-guiada-de-sidra\/#primaryimage"},"image":{"@id":"https:\/\/sagardoarenlurraldea.eus\/es\/evento\/ciderworld-cata-guiada-de-sidra\/#primaryimage"},"thumbnailUrl":"https:\/\/sagardoarenlurraldea.eus\/wp-content\/uploads\/2026\/04\/IMG_2865-1-scaled-e1777278718755.jpg","datePublished":"2026-04-24T15:38:43+00:00","breadcrumb":{"@id":"https:\/\/sagardoarenlurraldea.eus\/es\/evento\/ciderworld-cata-guiada-de-sidra\/#breadcrumb"},"inLanguage":"es","potentialAction":[{"@type":"ReadAction","target":["https:\/\/sagardoarenlurraldea.eus\/es\/evento\/ciderworld-cata-guiada-de-sidra\/"]}]},{"@type":"ImageObject","inLanguage":"es","@id":"https:\/\/sagardoarenlurraldea.eus\/es\/evento\/ciderworld-cata-guiada-de-sidra\/#primaryimage","url":"https:\/\/sagardoarenlurraldea.eus\/wp-content\/uploads\/2026\/04\/IMG_2865-1-scaled-e1777278718755.jpg","contentUrl":"https:\/\/sagardoarenlurraldea.eus\/wp-content\/uploads\/2026\/04\/IMG_2865-1-scaled-e1777278718755.jpg","width":2560,"height":2154},{"@type":"BreadcrumbList","@id":"https:\/\/sagardoarenlurraldea.eus\/es\/evento\/ciderworld-cata-guiada-de-sidra\/#breadcrumb","itemListElement":[{"@type":"ListItem","position":1,"name":"Inicio","item":"https:\/\/sagardoarenlurraldea.eus\/es\/"},{"@type":"ListItem","position":2,"name":"Eventos","item":"https:\/\/sagardoarenlurraldea.eus\/es\/agenda\/"},{"@type":"ListItem","position":3,"name":"CiderWorld: cata guiada de sidra"}]},{"@type":"WebSite","@id":"https:\/\/sagardoarenlurraldea.eus\/es\/#website","url":"https:\/\/sagardoarenlurraldea.eus\/es\/","name":"Sagardoaren Lurraldea","description":"El territorio de la sidra","potentialAction":[{"@type":"SearchAction","target":{"@type":"EntryPoint","urlTemplate":"https:\/\/sagardoarenlurraldea.eus\/es\/?s={search_term_string}"},"query-input":{"@type":"PropertyValueSpecification","valueRequired":true,"valueName":"search_term_string"}}],"inLanguage":"es"}]}},"_links":{"self":[{"href":"https:\/\/sagardoarenlurraldea.eus\/es\/wp-json\/wp\/v2\/tribe_events\/307812","targetHints":{"allow":["GET"]}}],"collection":[{"href":"https:\/\/sagardoarenlurraldea.eus\/es\/wp-json\/wp\/v2\/tribe_events"}],"about":[{"href":"https:\/\/sagardoarenlurraldea.eus\/es\/wp-json\/wp\/v2\/types\/tribe_events"}],"author":[{"embeddable":true,"href":"https:\/\/sagardoarenlurraldea.eus\/es\/wp-json\/wp\/v2\/users\/8"}],"version-history":[{"count":1,"href":"https:\/\/sagardoarenlurraldea.eus\/es\/wp-json\/wp\/v2\/tribe_events\/307812\/revisions"}],"predecessor-version":[{"id":307813,"href":"https:\/\/sagardoarenlurraldea.eus\/es\/wp-json\/wp\/v2\/tribe_events\/307812\/revisions\/307813"}],"wp:featuredmedia":[{"embeddable":true,"href":"https:\/\/sagardoarenlurraldea.eus\/es\/wp-json\/wp\/v2\/media\/307768"}],"wp:attachment":[{"href":"https:\/\/sagardoarenlurraldea.eus\/es\/wp-json\/wp\/v2\/media?parent=307812"}],"wp:term":[{"taxonomy":"post_tag","embeddable":true,"href":"https:\/\/sagardoarenlurraldea.eus\/es\/wp-json\/wp\/v2\/tags?post=307812"},{"taxonomy":"tribe_events_cat","embeddable":true,"href":"https:\/\/sagardoarenlurraldea.eus\/es\/wp-json\/wp\/v2\/tribe_events_cat?post=307812"}],"curies":[{"name":"wp","href":"https:\/\/api.w.org\/{rel}","templated":true}]}}

<p>Tras haber participado en <strong>CiderWorld,</strong> uno de los eventos de sidra más importantes de Europa, que se celebra cada año en Frankfurt, las sidrerías <strong>Gurutzeta, Zapiain y Petritegi</strong> de Astigarraga ofrecerán el 8 de mayo una cata guiada de las sidras que presentaron en Alemania. La cata se celebrará en la sidrería Gurutzeta.</p>
<h2>Información práctica</h2>
<div>
<ul>
<li><strong>Actividad</strong>: CiderWorld cata guiada de sidra.</li>
<li><strong>Fecha</strong>: 8 de mayo (viernes).</li>
<li><strong>Hora: </strong>18:30.</li>
<li><strong>Ubicación</strong>: Sidrería Gurutzeta. Oialume Bidea, 63, 20115 Astigarraga. <a href="https://share.google/mL4sm8fXhVEH9j5Kg">Cómo llegar.</a></li>
<li><strong>Duración</strong>: una hora.</li>
<li><strong>Precio</strong>: gratuito.</li>
<li><strong><a href="https://sagardoarenlurraldea.eus/es/reservar/actividad/ciderworld-cata-guiada-de-sidra/">Reservas aquí.</a></strong></li>
</ul>
</div>

<p>Tras haber participado en CiderWorld, uno de los eventos de sidra más importantes de Europa, que se celebra cada año en Frankfurt, las sidrerías Gurutzeta, Zapiain y Petritegi de Astigarraga [&hellip;]</p>

<!-- This site is optimized with the Yoast SEO plugin v25.4 - https://yoast.com/wordpress/plugins/seo/ -->
<title>CiderWorld: cata guiada de sidra - Sagardoaren Lurraldea</title>
<meta name="robots" content="index, follow, max-snippet:-1, max-image-preview:large, max-video-preview:-1" />
<link rel="canonical" href="https://sagardoarenlurraldea.eus/es/evento/ciderworld-cata-guiada-de-sidra/" />
<meta property="og:locale" content="es_ES" />
<meta property="og:type" content="article" />
<meta property="og:title" content="CiderWorld: cata guiada de sidra - Sagardoaren Lurraldea" />
<meta property="og:description" content="Tras haber participado en CiderWorld, uno de los eventos de sidra más importantes de Europa, que se celebra cada año en Frankfurt, las sidrerías Gurutzeta, Zapiain y Petritegi de Astigarraga [&hellip;]" />
<meta property="og:url" content="https://sagardoarenlurraldea.eus/es/evento/ciderworld-cata-guiada-de-sidra/" />
<meta property="og:site_name" content="Sagardoaren Lurraldea" />
<meta property="article:publisher" content="https://www.facebook.com/sagardoarenlurraldea" />
<meta property="og:image" content="https://sagardoarenlurraldea.eus/wp-content/uploads/2026/04/IMG_2865-1-scaled.jpg" />
	<meta property="og:image:width" content="2560" />
	<meta property="og:image:height" content="2154" />
	<meta property="og:image:type" content="image/jpeg" />
<meta name="twitter:card" content="summary_large_image" />
<script type="application/ld+json" class="yoast-schema-graph">{"@context":"https://schema.org","@graph":[{"@type":"WebPage","@id":"https://sagardoarenlurraldea.eus/es/evento/ciderworld-cata-guiada-de-sidra/","url":"https://sagardoarenlurraldea.eus/es/evento/ciderworld-cata-guiada-de-sidra/","name":"CiderWorld: cata guiada de sidra - Sagardoaren Lurraldea","isPartOf":{"@id":"https://sagardoarenlurraldea.eus/es/#website"},"primaryImageOfPage":{"@id":"https://sagardoarenlurraldea.eus/es/evento/ciderworld-cata-guiada-de-sidra/#primaryimage"},"image":{"@id":"https://sagardoarenlurraldea.eus/es/evento/ciderworld-cata-guiada-de-sidra/#primaryimage"},"thumbnailUrl":"https://sagardoarenlurraldea.eus/wp-content/uploads/2026/04/IMG_2865-1-scaled-e1777278718755.jpg","datePublished":"2026-04-24T15:38:43+00:00","breadcrumb":{"@id":"https://sagardoarenlurraldea.eus/es/evento/ciderworld-cata-guiada-de-sidra/#breadcrumb"},"inLanguage":"es","potentialAction":[{"@type":"ReadAction","target":["https://sagardoarenlurraldea.eus/es/evento/ciderworld-cata-guiada-de-sidra/"]}]},{"@type":"ImageObject","inLanguage":"es","@id":"https://sagardoarenlurraldea.eus/es/evento/ciderworld-cata-guiada-de-sidra/#primaryimage","url":"https://sagardoarenlurraldea.eus/wp-content/uploads/2026/04/IMG_2865-1-scaled-e1777278718755.jpg","contentUrl":"https://sagardoarenlurraldea.eus/wp-content/uploads/2026/04/IMG_2865-1-scaled-e1777278718755.jpg","width":2560,"height":2154},{"@type":"BreadcrumbList","@id":"https://sagardoarenlurraldea.eus/es/evento/ciderworld-cata-guiada-de-sidra/#breadcrumb","itemListElement":[{"@type":"ListItem","position":1,"name":"Inicio","item":"https://sagardoarenlurraldea.eus/es/"},{"@type":"ListItem","position":2,"name":"Eventos","item":"https://sagardoarenlurraldea.eus/es/agenda/"},{"@type":"ListItem","position":3,"name":"CiderWorld: cata guiada de sidra"}]},{"@type":"WebSite","@id":"https://sagardoarenlurraldea.eus/es/#website","url":"https://sagardoarenlurraldea.eus/es/","name":"Sagardoaren Lurraldea","description":"El territorio de la sidra","potentialAction":[{"@type":"SearchAction","target":{"@type":"EntryPoint","urlTemplate":"https://sagardoarenlurraldea.eus/es/?s={search_term_string}"},"query-input":{"@type":"PropertyValueSpecification","valueRequired":true,"valueName":"search_term_string"}}],"inLanguage":"es"}]}</script>
<!-- / Yoast SEO plugin. -->

Tras haber participado en CiderWorld, uno de los eventos de sidra más importantes de Europa, que se celebra cada año en Frankfurt, las sidrerías Gurutzeta, Zapiain y Petritegi de Astigarraga [&hellip;]
